{"id":998,"date":"2011-12-25T11:54:44","date_gmt":"2011-12-25T10:54:44","guid":{"rendered":"http:\/\/christianstrasse.de\/8nhd0g15eq\/?page_id=998"},"modified":"2011-12-25T12:22:08","modified_gmt":"2011-12-25T11:22:08","slug":"rotkehlchen","status":"publish","type":"page","link":"https:\/\/christianstrasse.de\/8nhd0g15eq\/?page_id=998","title":{"rendered":"Rotkehlchen"},"content":{"rendered":"<p style=\"text-align: justify;\"><strong>Rotkehlchen<\/strong>\u00a0(Erithacus rubecula) br\u00fcten manchmal in einem der angebotenen Nistk\u00e4sten. Sie zeigen nur geringe Scheu gegen\u00fcber dem Menschen, so leisten sie gern &#8211; nicht ganz uneigenn\u00fctzig &#8211; Gesellschaft beim Umgraben oder Kompostmachen. Auch die Rotkehlchen sind ganzj\u00e4hrig anzutreffen &#8211; und auch sie baden gern mal.<\/p>\n<!-- default-view.php -->\n<div\n\tclass=\"ngg-galleryoverview default-view \n\t\t\"\n\tid=\"ngg-gallery-8a717e7d3bc7c1b5aa359573abc212aa-1\">\n\n\t\t<!-- Thumbnails -->\n\t\t\t\t<div id=\"ngg-image-0\" class=\"ngg-gallery-thumbnail-box \n\t\t\t\t\t\t\t\t\t\t\t\" \n\t\t\t>\n\t\t\t\t\t\t<div class=\"ngg-gallery-thumbnail\">\n\t\t\t<a href=\"https:\/\/christianstrasse.de\/8nhd0g15eq\/wp-content\/gallery\/rotkehlchen\/rotkehlchen-3729.jpg\"\n\t\t\t\ttitle=\"\"\n\t\t\t\tdata-src=\"https:\/\/christianstrasse.de\/8nhd0g15eq\/wp-content\/gallery\/rotkehlchen\/rotkehlchen-3729.jpg\"\n\t\t\t\tdata-thumbnail=\"https:\/\/christianstrasse.de\/8nhd0g15eq\/wp-content\/gallery\/rotkehlchen\/thumbs\/thumbs_rotkehlchen-3729.jpg\"\n\t\t\t\tdata-image-id=\"165\"\n\t\t\t\tdata-title=\"Vor dem Nistkasten\"\n\t\t\t\tdata-description=\"\"\n\t\t\t\tdata-image-slug=\"vor-dem-nistkasten\"\n\t\t\t\tclass='use_imagebrowser_effect' data-imagebrowser-url='https:\/\/christianstrasse.de\/8nhd0g15eq\/index.php\/nggallery\/image\/%STUB%?page_id=998'>\n\t\t\t\t<img\n\t\t\t\t\ttitle=\"Vor dem Nistkasten\"\n\t\t\t\t\talt=\"Vor dem Nistkasten\"\n\t\t\t\t\tsrc=\"https:\/\/christianstrasse.de\/8nhd0g15eq\/wp-content\/gallery\/rotkehlchen\/thumbs\/thumbs_rotkehlchen-3729.jpg\"\n\t\t\t\t\twidth=\"110\"\n\t\t\t\t\theight=\"82\"\n\t\t\t\t\tstyle=\"max-width:100%;\"\n\t\t\t\t\/>\n\t\t\t<\/a>\n\t\t<\/div>\n\t\t\t\t\t\t\t<\/div> \n\t\t\t\n\t\t\t\t<div id=\"ngg-image-1\" class=\"ngg-gallery-thumbnail-box \n\t\t\t\t\t\t\t\t\t\t\t\" \n\t\t\t>\n\t\t\t\t\t\t<div class=\"ngg-gallery-thumbnail\">\n\t\t\t<a href=\"https:\/\/christianstrasse.de\/8nhd0g15eq\/wp-content\/gallery\/rotkehlchen\/rotkehlchen-3611.jpg\"\n\t\t\t\ttitle=\"\"\n\t\t\t\tdata-src=\"https:\/\/christianstrasse.de\/8nhd0g15eq\/wp-content\/gallery\/rotkehlchen\/rotkehlchen-3611.jpg\"\n\t\t\t\tdata-thumbnail=\"https:\/\/christianstrasse.de\/8nhd0g15eq\/wp-content\/gallery\/rotkehlchen\/thumbs\/thumbs_rotkehlchen-3611.jpg\"\n\t\t\t\tdata-image-id=\"163\"\n\t\t\t\tdata-title=\"Futtersammeln 1\"\n\t\t\t\tdata-description=\"\"\n\t\t\t\tdata-image-slug=\"futtersammeln-1\"\n\t\t\t\tclass='use_imagebrowser_effect' data-imagebrowser-url='https:\/\/christianstrasse.de\/8nhd0g15eq\/index.php\/nggallery\/image\/%STUB%?page_id=998'>\n\t\t\t\t<img\n\t\t\t\t\ttitle=\"Futtersammeln 1\"\n\t\t\t\t\talt=\"Futtersammeln 1\"\n\t\t\t\t\tsrc=\"https:\/\/christianstrasse.de\/8nhd0g15eq\/wp-content\/gallery\/rotkehlchen\/thumbs\/thumbs_rotkehlchen-3611.jpg\"\n\t\t\t\t\twidth=\"110\"\n\t\t\t\t\theight=\"82\"\n\t\t\t\t\tstyle=\"max-width:100%;\"\n\t\t\t\t\/>\n\t\t\t<\/a>\n\t\t<\/div>\n\t\t\t\t\t\t\t<\/div> \n\t\t\t\n\t\t\t\t<div id=\"ngg-image-2\" class=\"ngg-gallery-thumbnail-box \n\t\t\t\t\t\t\t\t\t\t\t\" \n\t\t\t>\n\t\t\t\t\t\t<div class=\"ngg-gallery-thumbnail\">\n\t\t\t<a href=\"https:\/\/christianstrasse.de\/8nhd0g15eq\/wp-content\/gallery\/rotkehlchen\/rotkehlchen-3621.jpg\"\n\t\t\t\ttitle=\"\"\n\t\t\t\tdata-src=\"https:\/\/christianstrasse.de\/8nhd0g15eq\/wp-content\/gallery\/rotkehlchen\/rotkehlchen-3621.jpg\"\n\t\t\t\tdata-thumbnail=\"https:\/\/christianstrasse.de\/8nhd0g15eq\/wp-content\/gallery\/rotkehlchen\/thumbs\/thumbs_rotkehlchen-3621.jpg\"\n\t\t\t\tdata-image-id=\"164\"\n\t\t\t\tdata-title=\"Futtersammeln 2\"\n\t\t\t\tdata-description=\"\"\n\t\t\t\tdata-image-slug=\"futtersammeln-2\"\n\t\t\t\tclass='use_imagebrowser_effect' data-imagebrowser-url='https:\/\/christianstrasse.de\/8nhd0g15eq\/index.php\/nggallery\/image\/%STUB%?page_id=998'>\n\t\t\t\t<img\n\t\t\t\t\ttitle=\"Futtersammeln 2\"\n\t\t\t\t\talt=\"Futtersammeln 2\"\n\t\t\t\t\tsrc=\"https:\/\/christianstrasse.de\/8nhd0g15eq\/wp-content\/gallery\/rotkehlchen\/thumbs\/thumbs_rotkehlchen-3621.jpg\"\n\t\t\t\t\twidth=\"110\"\n\t\t\t\t\theight=\"82\"\n\t\t\t\t\tstyle=\"max-width:100%;\"\n\t\t\t\t\/>\n\t\t\t<\/a>\n\t\t<\/div>\n\t\t\t\t\t\t\t<\/div> \n\t\t\t\n\t\t\t\t<div id=\"ngg-image-3\" class=\"ngg-gallery-thumbnail-box \n\t\t\t\t\t\t\t\t\t\t\t\" \n\t\t\t>\n\t\t\t\t\t\t<div class=\"ngg-gallery-thumbnail\">\n\t\t\t<a href=\"https:\/\/christianstrasse.de\/8nhd0g15eq\/wp-content\/gallery\/rotkehlchen\/rotkehlchen-1731.jpg\"\n\t\t\t\ttitle=\"\"\n\t\t\t\tdata-src=\"https:\/\/christianstrasse.de\/8nhd0g15eq\/wp-content\/gallery\/rotkehlchen\/rotkehlchen-1731.jpg\"\n\t\t\t\tdata-thumbnail=\"https:\/\/christianstrasse.de\/8nhd0g15eq\/wp-content\/gallery\/rotkehlchen\/thumbs\/thumbs_rotkehlchen-1731.jpg\"\n\t\t\t\tdata-image-id=\"161\"\n\t\t\t\tdata-title=\"Der Nachwuchs ist fl\u00fcgge\"\n\t\t\t\tdata-description=\"\"\n\t\t\t\tdata-image-slug=\"der-nachwuchs-ist-flugge\"\n\t\t\t\tclass='use_imagebrowser_effect' data-imagebrowser-url='https:\/\/christianstrasse.de\/8nhd0g15eq\/index.php\/nggallery\/image\/%STUB%?page_id=998'>\n\t\t\t\t<img\n\t\t\t\t\ttitle=\"Der Nachwuchs ist fl\u00fcgge\"\n\t\t\t\t\talt=\"Der Nachwuchs ist fl\u00fcgge\"\n\t\t\t\t\tsrc=\"https:\/\/christianstrasse.de\/8nhd0g15eq\/wp-content\/gallery\/rotkehlchen\/thumbs\/thumbs_rotkehlchen-1731.jpg\"\n\t\t\t\t\twidth=\"110\"\n\t\t\t\t\theight=\"82\"\n\t\t\t\t\tstyle=\"max-width:100%;\"\n\t\t\t\t\/>\n\t\t\t<\/a>\n\t\t<\/div>\n\t\t\t\t\t\t\t<\/div> \n\t\t\t\n\t\t\t\t<div id=\"ngg-image-4\" class=\"ngg-gallery-thumbnail-box \n\t\t\t\t\t\t\t\t\t\t\t\" \n\t\t\t>\n\t\t\t\t\t\t<div class=\"ngg-gallery-thumbnail\">\n\t\t\t<a href=\"https:\/\/christianstrasse.de\/8nhd0g15eq\/wp-content\/gallery\/rotkehlchen\/rotkehlchen-1733.jpg\"\n\t\t\t\ttitle=\"\"\n\t\t\t\tdata-src=\"https:\/\/christianstrasse.de\/8nhd0g15eq\/wp-content\/gallery\/rotkehlchen\/rotkehlchen-1733.jpg\"\n\t\t\t\tdata-thumbnail=\"https:\/\/christianstrasse.de\/8nhd0g15eq\/wp-content\/gallery\/rotkehlchen\/thumbs\/thumbs_rotkehlchen-1733.jpg\"\n\t\t\t\tdata-image-id=\"162\"\n\t\t\t\tdata-title=\"Der Nachwuchs ist fl\u00fcgge\"\n\t\t\t\tdata-description=\"\"\n\t\t\t\tdata-image-slug=\"der-nachwuchs-ist-flugge-2\"\n\t\t\t\tclass='use_imagebrowser_effect' data-imagebrowser-url='https:\/\/christianstrasse.de\/8nhd0g15eq\/index.php\/nggallery\/image\/%STUB%?page_id=998'>\n\t\t\t\t<img\n\t\t\t\t\ttitle=\"Der Nachwuchs ist fl\u00fcgge\"\n\t\t\t\t\talt=\"Der Nachwuchs ist fl\u00fcgge\"\n\t\t\t\t\tsrc=\"https:\/\/christianstrasse.de\/8nhd0g15eq\/wp-content\/gallery\/rotkehlchen\/thumbs\/thumbs_rotkehlchen-1733.jpg\"\n\t\t\t\t\twidth=\"110\"\n\t\t\t\t\theight=\"82\"\n\t\t\t\t\tstyle=\"max-width:100%;\"\n\t\t\t\t\/>\n\t\t\t<\/a>\n\t\t<\/div>\n\t\t\t\t\t\t\t<\/div> \n\t\t\t\n\t\n\t<br style=\"clear: both\" \/>\n\n\t\n\t\t<!-- Pagination -->\n\t\t<div class='ngg-clear'><\/div>\t<\/div>\n\n<p>&nbsp;<\/p>\n<p><a title=\"Garten\" href=\"http:\/\/christianstrasse.de\/8nhd0g15eq\/?page_id=101\">zur\u00fcck<\/a><\/p>\n","protected":false},"excerpt":{"rendered":"<p>Rotkehlchen\u00a0(Erithacus rubecula) br\u00fcten manchmal in einem der angebotenen Nistk\u00e4sten. Sie zeigen nur geringe Scheu gegen\u00fcber dem Menschen, so leisten sie gern &#8211; nicht ganz uneigenn\u00fctzig &#8211; Gesellschaft beim Umgraben oder Kompostmachen. Auch die Rotkehlchen sind ganzj\u00e4hrig anzutreffen &#8211; und auch sie baden gern mal. &nbsp; zur\u00fcck<\/p>\n","protected":false},"author":609,"featured_media":0,"parent":101,"menu_order":0,"comment_status":"open","ping_status":"closed","template":"","meta":{"ngg_post_thumbnail":0,"footnotes":""},"class_list":["post-998","page","type-page","status-publish","hentry"],"_links":{"self":[{"href":"https:\/\/christianstrasse.de\/8nhd0g15eq\/index.php?rest_route=\/wp\/v2\/pages\/998","targetHints":{"allow":["GET"]}}],"collection":[{"href":"https:\/\/christianstrasse.de\/8nhd0g15eq\/index.php?rest_route=\/wp\/v2\/pages"}],"about":[{"href":"https:\/\/christianstrasse.de\/8nhd0g15eq\/index.php?rest_route=\/wp\/v2\/types\/page"}],"author":[{"embeddable":true,"href":"https:\/\/christianstrasse.de\/8nhd0g15eq\/index.php?rest_route=\/wp\/v2\/users\/609"}],"replies":[{"embeddable":true,"href":"https:\/\/christianstrasse.de\/8nhd0g15eq\/index.php?rest_route=%2Fwp%2Fv2%2Fcomments&post=998"}],"version-history":[{"count":0,"href":"https:\/\/christianstrasse.de\/8nhd0g15eq\/index.php?rest_route=\/wp\/v2\/pages\/998\/revisions"}],"up":[{"embeddable":true,"href":"https:\/\/christianstrasse.de\/8nhd0g15eq\/index.php?rest_route=\/wp\/v2\/pages\/101"}],"wp:attachment":[{"href":"https:\/\/christianstrasse.de\/8nhd0g15eq\/index.php?rest_route=%2Fwp%2Fv2%2Fmedia&parent=998"}],"curies":[{"name":"wp","href":"https:\/\/api.w.org\/{rel}","templated":true}]}}