{"id":856,"date":"2011-11-25T20:58:11","date_gmt":"2011-11-25T19:58:11","guid":{"rendered":"http:\/\/christianstrasse.de\/8nhd0g15eq\/?page_id=856"},"modified":"2011-11-25T22:19:23","modified_gmt":"2011-11-25T21:19:23","slug":"pollo-alla-diavola-chili-ol","status":"publish","type":"page","link":"https:\/\/christianstrasse.de\/8nhd0g15eq\/?page_id=856","title":{"rendered":"Pollo alla diavola, Chili-\u00d6l"},"content":{"rendered":"<p>Das Teufelsh\u00e4hnchen zeichnet sich dadurch aus, dass ihm vor der Zubereitung das Brustbein entfernt wird und es danach flach auf eine Platte gedr\u00fcckt wird. Dadurch kann die gesamte Haut wunderbar knusprig gebr\u00e4unt werden.<\/p>\n<p>Das Teufelsh\u00e4hnchen sollte wirklich scharf sein. Hierzu ist ein selbst hergestelltes Chili\u00f6l sehr n\u00fctzlich, da die Chili ihre Sch\u00e4rfe nur langsam abgibt, wenn sie nicht gemahlen ist. Und wer gern scharf isst, wird das \u00d6l auch anderweitig gut gebrauchen k\u00f6nnen.<\/p>\n<p>Soll das \u00d6l f\u00fcr Salate und nicht zum Anbraten von Fleisch benutzt werden, kann man gern ein gutes Oliven\u00f6l nehmen, ansonsten ist es besser, ein hoch erhitzbares \u00d6l, wie Erdnuss\u00f6l zu nehmen, das sich auch bei hohen Temperaturen nicht zersetzt.<\/p>\n<p>Wegen der begrenzten Lagerdauer sollte nut soviel \u00d6l hergestellt werden, wie man in 3 bis 4 Monaten verbrauchen kann. Bei den Chilis nehemen wir getrocknete kleine, scharfe Thaichilies oder solche aus S\u00fcdamerika.<\/p>\n<p>Pro 100 ml \u00d6l setzt man 5 &#8211; 20 Chilies ein.<\/p>\n<p>Das \u00d6l wird in ein T\u00f6pfchen gegeben, das m\u00f6glichst schmal und hoch ist, um dem Luftsauerstoff w\u00e4hrend dem anschliessenden Erhitzen eine kleine Angriffsfl\u00e4che zu geben. Die Chilies kommen unzerteilt dazu und das Ganze wird sanft auf etwa 85-95\u00b0C erhitzt. Wir wollen die Chili schliesslich nicht fritieren<\/p>\n<p>Die Temperatur wird 10 min gehalten; anschliessend l\u00e4sst man das \u00d6l abk\u00fchlen und es ist verwendungsfertig. Man kann es auch mit den Schoten in eine Flasche f\u00fcllen und f\u00fcr sp\u00e4ter aufbewahren. Dabei wird weitere Sch\u00e4rfe aus den Chili extrahiert und die Sch\u00e4rfe des \u00d6ls nimmt langsam zu, obwohl Capsaicin vor allem wasserl\u00f6slich ist.<\/p>\n<p>F\u00fcr die Verwndung wird das \u00d6l durch ein feines Sieb gegossen. Dadurch hat man die volle Kontrolle \u00fcber die eingesetzet Sch\u00e4rfe.<\/p>\n<p>F\u00fcr\u00a0 das Teufelsh\u00e4hnchen wird das Chili\u00f6l in der Marinade verwendet.<\/p>\n<p>Zu den Einzelheiten:<\/p>\n<p>&nbsp;<\/p>\n<!-- default-view.php -->\n<div\n\tclass=\"ngg-galleryoverview default-view \n\t\t\"\n\tid=\"ngg-gallery-2d80d5d578e9fdc0d5e0fdc73990440f-1\">\n\n\t\t<!-- Thumbnails -->\n\t\t\t\t<div id=\"ngg-image-0\" class=\"ngg-gallery-thumbnail-box \n\t\t\t\t\t\t\t\t\t\t\t\" \n\t\t\t>\n\t\t\t\t\t\t<div class=\"ngg-gallery-thumbnail\">\n\t\t\t<a href=\"https:\/\/christianstrasse.de\/8nhd0g15eq\/wp-content\/gallery\/pollo_diavola\/img_3281.jpg\"\n\t\t\t\ttitle=\"\"\n\t\t\t\tdata-src=\"https:\/\/christianstrasse.de\/8nhd0g15eq\/wp-content\/gallery\/pollo_diavola\/img_3281.jpg\"\n\t\t\t\tdata-thumbnail=\"https:\/\/christianstrasse.de\/8nhd0g15eq\/wp-content\/gallery\/pollo_diavola\/thumbs\/thumbs_img_3281.jpg\"\n\t\t\t\tdata-image-id=\"237\"\n\t\t\t\tdata-title=\"img_3281\"\n\t\t\t\tdata-description=\"\"\n\t\t\t\tdata-image-slug=\"img_3281\"\n\t\t\t\tclass='use_imagebrowser_effect' data-imagebrowser-url='https:\/\/christianstrasse.de\/8nhd0g15eq\/index.php\/nggallery\/image\/%STUB%?page_id=856'>\n\t\t\t\t<img\n\t\t\t\t\ttitle=\"img_3281\"\n\t\t\t\t\talt=\"img_3281\"\n\t\t\t\t\tsrc=\"https:\/\/christianstrasse.de\/8nhd0g15eq\/wp-content\/gallery\/pollo_diavola\/thumbs\/thumbs_img_3281.jpg\"\n\t\t\t\t\twidth=\"110\"\n\t\t\t\t\theight=\"82\"\n\t\t\t\t\tstyle=\"max-width:100%;\"\n\t\t\t\t\/>\n\t\t\t<\/a>\n\t\t<\/div>\n\t\t\t\t\t\t\t<\/div> \n\t\t\t\n\t\t\t\t<div id=\"ngg-image-1\" class=\"ngg-gallery-thumbnail-box \n\t\t\t\t\t\t\t\t\t\t\t\" \n\t\t\t>\n\t\t\t\t\t\t<div class=\"ngg-gallery-thumbnail\">\n\t\t\t<a href=\"https:\/\/christianstrasse.de\/8nhd0g15eq\/wp-content\/gallery\/pollo_diavola\/img_3282.jpg\"\n\t\t\t\ttitle=\"\"\n\t\t\t\tdata-src=\"https:\/\/christianstrasse.de\/8nhd0g15eq\/wp-content\/gallery\/pollo_diavola\/img_3282.jpg\"\n\t\t\t\tdata-thumbnail=\"https:\/\/christianstrasse.de\/8nhd0g15eq\/wp-content\/gallery\/pollo_diavola\/thumbs\/thumbs_img_3282.jpg\"\n\t\t\t\tdata-image-id=\"238\"\n\t\t\t\tdata-title=\"img_3282\"\n\t\t\t\tdata-description=\"\"\n\t\t\t\tdata-image-slug=\"img_3282\"\n\t\t\t\tclass='use_imagebrowser_effect' data-imagebrowser-url='https:\/\/christianstrasse.de\/8nhd0g15eq\/index.php\/nggallery\/image\/%STUB%?page_id=856'>\n\t\t\t\t<img\n\t\t\t\t\ttitle=\"img_3282\"\n\t\t\t\t\talt=\"img_3282\"\n\t\t\t\t\tsrc=\"https:\/\/christianstrasse.de\/8nhd0g15eq\/wp-content\/gallery\/pollo_diavola\/thumbs\/thumbs_img_3282.jpg\"\n\t\t\t\t\twidth=\"110\"\n\t\t\t\t\theight=\"82\"\n\t\t\t\t\tstyle=\"max-width:100%;\"\n\t\t\t\t\/>\n\t\t\t<\/a>\n\t\t<\/div>\n\t\t\t\t\t\t\t<\/div> \n\t\t\t\n\t\t\t\t<div id=\"ngg-image-2\" class=\"ngg-gallery-thumbnail-box \n\t\t\t\t\t\t\t\t\t\t\t\" \n\t\t\t>\n\t\t\t\t\t\t<div class=\"ngg-gallery-thumbnail\">\n\t\t\t<a href=\"https:\/\/christianstrasse.de\/8nhd0g15eq\/wp-content\/gallery\/pollo_diavola\/img_3285.jpg\"\n\t\t\t\ttitle=\"\"\n\t\t\t\tdata-src=\"https:\/\/christianstrasse.de\/8nhd0g15eq\/wp-content\/gallery\/pollo_diavola\/img_3285.jpg\"\n\t\t\t\tdata-thumbnail=\"https:\/\/christianstrasse.de\/8nhd0g15eq\/wp-content\/gallery\/pollo_diavola\/thumbs\/thumbs_img_3285.jpg\"\n\t\t\t\tdata-image-id=\"240\"\n\t\t\t\tdata-title=\"img_3285\"\n\t\t\t\tdata-description=\"\"\n\t\t\t\tdata-image-slug=\"img_3285\"\n\t\t\t\tclass='use_imagebrowser_effect' data-imagebrowser-url='https:\/\/christianstrasse.de\/8nhd0g15eq\/index.php\/nggallery\/image\/%STUB%?page_id=856'>\n\t\t\t\t<img\n\t\t\t\t\ttitle=\"img_3285\"\n\t\t\t\t\talt=\"img_3285\"\n\t\t\t\t\tsrc=\"https:\/\/christianstrasse.de\/8nhd0g15eq\/wp-content\/gallery\/pollo_diavola\/thumbs\/thumbs_img_3285.jpg\"\n\t\t\t\t\twidth=\"110\"\n\t\t\t\t\theight=\"82\"\n\t\t\t\t\tstyle=\"max-width:100%;\"\n\t\t\t\t\/>\n\t\t\t<\/a>\n\t\t<\/div>\n\t\t\t\t\t\t\t<\/div> \n\t\t\t\n\t\t\t\t<div id=\"ngg-image-3\" class=\"ngg-gallery-thumbnail-box \n\t\t\t\t\t\t\t\t\t\t\t\" \n\t\t\t>\n\t\t\t\t\t\t<div class=\"ngg-gallery-thumbnail\">\n\t\t\t<a href=\"https:\/\/christianstrasse.de\/8nhd0g15eq\/wp-content\/gallery\/pollo_diavola\/img_3286.jpg\"\n\t\t\t\ttitle=\"\"\n\t\t\t\tdata-src=\"https:\/\/christianstrasse.de\/8nhd0g15eq\/wp-content\/gallery\/pollo_diavola\/img_3286.jpg\"\n\t\t\t\tdata-thumbnail=\"https:\/\/christianstrasse.de\/8nhd0g15eq\/wp-content\/gallery\/pollo_diavola\/thumbs\/thumbs_img_3286.jpg\"\n\t\t\t\tdata-image-id=\"241\"\n\t\t\t\tdata-title=\"img_3286\"\n\t\t\t\tdata-description=\"\"\n\t\t\t\tdata-image-slug=\"img_3286\"\n\t\t\t\tclass='use_imagebrowser_effect' data-imagebrowser-url='https:\/\/christianstrasse.de\/8nhd0g15eq\/index.php\/nggallery\/image\/%STUB%?page_id=856'>\n\t\t\t\t<img\n\t\t\t\t\ttitle=\"img_3286\"\n\t\t\t\t\talt=\"img_3286\"\n\t\t\t\t\tsrc=\"https:\/\/christianstrasse.de\/8nhd0g15eq\/wp-content\/gallery\/pollo_diavola\/thumbs\/thumbs_img_3286.jpg\"\n\t\t\t\t\twidth=\"110\"\n\t\t\t\t\theight=\"82\"\n\t\t\t\t\tstyle=\"max-width:100%;\"\n\t\t\t\t\/>\n\t\t\t<\/a>\n\t\t<\/div>\n\t\t\t\t\t\t\t<\/div> \n\t\t\t\n\t\t\t\t<div id=\"ngg-image-4\" class=\"ngg-gallery-thumbnail-box \n\t\t\t\t\t\t\t\t\t\t\t\" \n\t\t\t>\n\t\t\t\t\t\t<div class=\"ngg-gallery-thumbnail\">\n\t\t\t<a href=\"https:\/\/christianstrasse.de\/8nhd0g15eq\/wp-content\/gallery\/pollo_diavola\/img_3288.jpg\"\n\t\t\t\ttitle=\"\"\n\t\t\t\tdata-src=\"https:\/\/christianstrasse.de\/8nhd0g15eq\/wp-content\/gallery\/pollo_diavola\/img_3288.jpg\"\n\t\t\t\tdata-thumbnail=\"https:\/\/christianstrasse.de\/8nhd0g15eq\/wp-content\/gallery\/pollo_diavola\/thumbs\/thumbs_img_3288.jpg\"\n\t\t\t\tdata-image-id=\"243\"\n\t\t\t\tdata-title=\"img_3288\"\n\t\t\t\tdata-description=\"\"\n\t\t\t\tdata-image-slug=\"img_3288\"\n\t\t\t\tclass='use_imagebrowser_effect' data-imagebrowser-url='https:\/\/christianstrasse.de\/8nhd0g15eq\/index.php\/nggallery\/image\/%STUB%?page_id=856'>\n\t\t\t\t<img\n\t\t\t\t\ttitle=\"img_3288\"\n\t\t\t\t\talt=\"img_3288\"\n\t\t\t\t\tsrc=\"https:\/\/christianstrasse.de\/8nhd0g15eq\/wp-content\/gallery\/pollo_diavola\/thumbs\/thumbs_img_3288.jpg\"\n\t\t\t\t\twidth=\"110\"\n\t\t\t\t\theight=\"82\"\n\t\t\t\t\tstyle=\"max-width:100%;\"\n\t\t\t\t\/>\n\t\t\t<\/a>\n\t\t<\/div>\n\t\t\t\t\t\t\t<\/div> \n\t\t\t\n\t\t\t\t<div id=\"ngg-image-5\" class=\"ngg-gallery-thumbnail-box \n\t\t\t\t\t\t\t\t\t\t\t\" \n\t\t\t>\n\t\t\t\t\t\t<div class=\"ngg-gallery-thumbnail\">\n\t\t\t<a href=\"https:\/\/christianstrasse.de\/8nhd0g15eq\/wp-content\/gallery\/pollo_diavola\/img_3289.jpg\"\n\t\t\t\ttitle=\"\"\n\t\t\t\tdata-src=\"https:\/\/christianstrasse.de\/8nhd0g15eq\/wp-content\/gallery\/pollo_diavola\/img_3289.jpg\"\n\t\t\t\tdata-thumbnail=\"https:\/\/christianstrasse.de\/8nhd0g15eq\/wp-content\/gallery\/pollo_diavola\/thumbs\/thumbs_img_3289.jpg\"\n\t\t\t\tdata-image-id=\"244\"\n\t\t\t\tdata-title=\"img_3289\"\n\t\t\t\tdata-description=\"\"\n\t\t\t\tdata-image-slug=\"img_3289\"\n\t\t\t\tclass='use_imagebrowser_effect' data-imagebrowser-url='https:\/\/christianstrasse.de\/8nhd0g15eq\/index.php\/nggallery\/image\/%STUB%?page_id=856'>\n\t\t\t\t<img\n\t\t\t\t\ttitle=\"img_3289\"\n\t\t\t\t\talt=\"img_3289\"\n\t\t\t\t\tsrc=\"https:\/\/christianstrasse.de\/8nhd0g15eq\/wp-content\/gallery\/pollo_diavola\/thumbs\/thumbs_img_3289.jpg\"\n\t\t\t\t\twidth=\"110\"\n\t\t\t\t\theight=\"82\"\n\t\t\t\t\tstyle=\"max-width:100%;\"\n\t\t\t\t\/>\n\t\t\t<\/a>\n\t\t<\/div>\n\t\t\t\t\t\t\t<\/div> \n\t\t\t\n\t\t\t\t<div id=\"ngg-image-6\" class=\"ngg-gallery-thumbnail-box \n\t\t\t\t\t\t\t\t\t\t\t\" \n\t\t\t>\n\t\t\t\t\t\t<div class=\"ngg-gallery-thumbnail\">\n\t\t\t<a href=\"https:\/\/christianstrasse.de\/8nhd0g15eq\/wp-content\/gallery\/pollo_diavola\/img_3291.jpg\"\n\t\t\t\ttitle=\"\"\n\t\t\t\tdata-src=\"https:\/\/christianstrasse.de\/8nhd0g15eq\/wp-content\/gallery\/pollo_diavola\/img_3291.jpg\"\n\t\t\t\tdata-thumbnail=\"https:\/\/christianstrasse.de\/8nhd0g15eq\/wp-content\/gallery\/pollo_diavola\/thumbs\/thumbs_img_3291.jpg\"\n\t\t\t\tdata-image-id=\"246\"\n\t\t\t\tdata-title=\"img_3291\"\n\t\t\t\tdata-description=\"\"\n\t\t\t\tdata-image-slug=\"img_3291\"\n\t\t\t\tclass='use_imagebrowser_effect' data-imagebrowser-url='https:\/\/christianstrasse.de\/8nhd0g15eq\/index.php\/nggallery\/image\/%STUB%?page_id=856'>\n\t\t\t\t<img\n\t\t\t\t\ttitle=\"img_3291\"\n\t\t\t\t\talt=\"img_3291\"\n\t\t\t\t\tsrc=\"https:\/\/christianstrasse.de\/8nhd0g15eq\/wp-content\/gallery\/pollo_diavola\/thumbs\/thumbs_img_3291.jpg\"\n\t\t\t\t\twidth=\"110\"\n\t\t\t\t\theight=\"82\"\n\t\t\t\t\tstyle=\"max-width:100%;\"\n\t\t\t\t\/>\n\t\t\t<\/a>\n\t\t<\/div>\n\t\t\t\t\t\t\t<\/div> \n\t\t\t\n\t\n\t<br style=\"clear: both\" \/>\n\n\t\n\t\t<!-- Pagination -->\n\t\t<div class='ngg-clear'><\/div>\t<\/div>\n\n<div class=\"hrecipe custom\">\n<h2 class=\"fn\">Rezept: Pollo alla diavola<\/h2>\n<p class=\"summary\"><strong>Kurzbeschreibung<\/strong>: <em>scharf-w\u00fcrziges Teufelsh\u00e4hnchen<\/em><\/p>\n<div class=\"ingredients\">\n<h4 class=\"ingredients\">Zutaten<\/h4>\n<ul class=\"ingredients\">\n<li class=\"ingredient\">eine grosse feuer- und zitronens\u00e4urefeste Platte<\/li>\n<li class=\"ingredient\">1 Brath\u00e4hnchen ca. 1 kg<\/li>\n<li class=\"ingredient\">2 Zitronen<\/li>\n<li class=\"ingredient\">100 ml Chili\u00f6l (s.o.) <strong>oder<\/strong><\/li>\n<li class=\"ingredient\">3 -4 getrocknete Chili und 100 ml Oliven\u00f6l<\/li>\n<li class=\"ingredient\">10 Salbeibl\u00e4tter<\/li>\n<li class=\"ingredient\">Salz, Pfeffer<\/li>\n<\/ul>\n<\/div>\n<div class=\"instructions\">\n<h4 class=\"instructions\">Zubereitung<\/h4>\n<ol class=\"instructions\">\n<li>Das Brustbein des H\u00e4hnchens mit einem Messer beiderseits freilegen<\/li>\n<li>Mit der Gefl\u00fcgelschere das Brustbein herausschneiden und das Gabelbein durchtrennen<\/li>\n<li>Den Hund von un\u00fcberlegten Handlungen abhalten<\/li>\n<li>Das H\u00e4hnchen kalt abbrausen, trocken tupfen und auf der Platte flach dr\u00fccken<\/li>\n<li>Den Salbei in schmale Streifen schneiden.<\/li>\n<li>In 100 ml Chili\u00f6l geben und das Ganze mit dem Saft einer Zitrone, Salz und Pfeffer vermischen.<\/li>\n<li>Das H\u00e4hnchen mit der Marinade begiessen und von allen Seiten einpinseln<\/li>\n<li>Die Marinade 2 Std. einwirken lassen; gelegentlich das Huhn bepinseln. Wer es sch\u00e4rfer mag, best\u00e4ubt das H\u00e4hnchen zus\u00e4tzlich mit Cayennepfeffer<\/li>\n<li>Backofen auf 200\u00b0C vorheizen<\/li>\n<li>Das H\u00e4hnchen in den Ofen schieben und je nach Gr\u00f6sse und Qualit\u00e4t 75-90 min braten<\/li>\n<li>Anschliessend mit Zitronenschnitzen garnieren und mit Chiabatta servieren.<\/li>\n<\/ol>\n<\/div>\n<\/div>\n<p>Zubereitungszeit: ca. 2:00h., davon 0:30h Vorbereitung, Garzeit: s.o.<\/p>\n<p>Portionen: 3-4<\/p>\n<p>Quelle [<a title=\"Kochb\u00fccher\" href=\"http:\/\/christianstrasse.de\/8nhd0g15eq\/?page_id=180\">02<\/a>], S. 151 Anmerkung: In dem Rezept wird vorgeschlagen, das H\u00e4hnchen in Alufolie eingewickelt zu marinieren und sp\u00e4ter ge\u00f6ffnet zu backen. Die Alufolie wird unter der Einwirkung von jeglicher S\u00e4ure, also auch von Zitronens\u00e4ure zersetzt. Wer einmal die L\u00f6cher in Alufolie dort gesehen hat, wo sie im Ofen z.B. mit Tomaten in Kontakt war, h\u00e4lt sie zuk\u00fcnftig von sauren Komponenten fern.<\/p>\n<p><a title=\"Gefl\u00fcgel\" href=\"http:\/\/christianstrasse.de\/8nhd0g15eq\/?page_id=440\">zur\u00fcck<\/a><\/p>\n","protected":false},"excerpt":{"rendered":"<p>Das Teufelsh\u00e4hnchen zeichnet sich dadurch aus, dass ihm vor der Zubereitung das Brustbein entfernt wird und es danach flach auf eine Platte gedr\u00fcckt wird. Dadurch kann die gesamte Haut wunderbar knusprig gebr\u00e4unt werden. Das Teufelsh\u00e4hnchen sollte wirklich scharf sein. Hierzu ist ein selbst hergestelltes Chili\u00f6l sehr n\u00fctzlich, da die Chili ihre Sch\u00e4rfe nur langsam abgibt, [&hellip;]<\/p>\n","protected":false},"author":606,"featured_media":0,"parent":440,"menu_order":0,"comment_status":"open","ping_status":"closed","template":"","meta":{"ngg_post_thumbnail":0,"footnotes":""},"class_list":["post-856","page","type-page","status-publish","hentry"],"_links":{"self":[{"href":"https:\/\/christianstrasse.de\/8nhd0g15eq\/index.php?rest_route=\/wp\/v2\/pages\/856","targetHints":{"allow":["GET"]}}],"collection":[{"href":"https:\/\/christianstrasse.de\/8nhd0g15eq\/index.php?rest_route=\/wp\/v2\/pages"}],"about":[{"href":"https:\/\/christianstrasse.de\/8nhd0g15eq\/index.php?rest_route=\/wp\/v2\/types\/page"}],"author":[{"embeddable":true,"href":"https:\/\/christianstrasse.de\/8nhd0g15eq\/index.php?rest_route=\/wp\/v2\/users\/606"}],"replies":[{"embeddable":true,"href":"https:\/\/christianstrasse.de\/8nhd0g15eq\/index.php?rest_route=%2Fwp%2Fv2%2Fcomments&post=856"}],"version-history":[{"count":0,"href":"https:\/\/christianstrasse.de\/8nhd0g15eq\/index.php?rest_route=\/wp\/v2\/pages\/856\/revisions"}],"up":[{"embeddable":true,"href":"https:\/\/christianstrasse.de\/8nhd0g15eq\/index.php?rest_route=\/wp\/v2\/pages\/440"}],"wp:attachment":[{"href":"https:\/\/christianstrasse.de\/8nhd0g15eq\/index.php?rest_route=%2Fwp%2Fv2%2Fmedia&parent=856"}],"curies":[{"name":"wp","href":"https:\/\/api.w.org\/{rel}","templated":true}]}}