{"id":447,"date":"2011-09-26T15:43:52","date_gmt":"2011-09-26T13:43:52","guid":{"rendered":"http:\/\/christianstrasse.de\/8nhd0g15eq\/?page_id=447"},"modified":"2020-12-17T20:42:12","modified_gmt":"2020-12-17T19:42:12","slug":"junkfood","status":"publish","type":"page","link":"https:\/\/christianstrasse.de\/8nhd0g15eq\/?page_id=447","title":{"rendered":"Junkfood"},"content":{"rendered":"<p style=\"text-align: left;\"><a href=\"http:\/\/christianstrasse.de\/8nhd0g15eq\/wp-content\/uploads\/junk.jpg\"><img loading=\"lazy\" decoding=\"async\" class=\"aligncenter size-full wp-image-448\" title=\"junk\" src=\"http:\/\/christianstrasse.de\/8nhd0g15eq\/wp-content\/uploads\/junk.jpg\" alt=\"\" width=\"655\" height=\"420\" \/><\/a><\/p>\n<p style=\"text-align: left;\">Ich nenne diese Seite Junkfood, weil man Burger, Croques und Currywurst an jedem Imbiss fertig kaufen kann. Auch zuhause ist er schnell zubereitet. Manche Komponenten kann man selbst herstellen oder in besseren Qualit\u00e4ten einsetzen als z.B. in Form von Analogk\u00e4se oder Gewebekleberkochschinken.<\/p>\n<p><a title=\"R\u00f6stzwiebeln (R)\" href=\"http:\/\/christianstrasse.de\/8nhd0g15eq\/?page_id=603\">R\u00f6stzwiebeln (R)<\/a><\/p>\n<p><a title=\"Croque Monsieur (R)\" href=\"http:\/\/christianstrasse.de\/8nhd0g15eq\/?page_id=955\">Croque Monsieur (R)<\/a><\/p>\n<p style=\"text-align: left;\"><a title=\"Die Kochseite\" href=\"http:\/\/christianstrasse.de\/8nhd0g15eq\/?page_id=42\">zur\u00fcck<\/a><\/p>\n","protected":false},"excerpt":{"rendered":"<p>Ich nenne diese Seite Junkfood, weil man Burger, Croques und Currywurst an jedem Imbiss fertig kaufen kann. Auch zuhause ist er schnell zubereitet. Manche Komponenten kann man selbst herstellen oder in besseren Qualit\u00e4ten einsetzen als z.B. in Form von Analogk\u00e4se oder Gewebekleberkochschinken. R\u00f6stzwiebeln (R) Croque Monsieur (R) zur\u00fcck<\/p>\n","protected":false},"author":606,"featured_media":0,"parent":42,"menu_order":0,"comment_status":"open","ping_status":"closed","template":"","meta":{"ngg_post_thumbnail":0,"footnotes":""},"class_list":["post-447","page","type-page","status-publish","hentry"],"_links":{"self":[{"href":"https:\/\/christianstrasse.de\/8nhd0g15eq\/index.php?rest_route=\/wp\/v2\/pages\/447","targetHints":{"allow":["GET"]}}],"collection":[{"href":"https:\/\/christianstrasse.de\/8nhd0g15eq\/index.php?rest_route=\/wp\/v2\/pages"}],"about":[{"href":"https:\/\/christianstrasse.de\/8nhd0g15eq\/index.php?rest_route=\/wp\/v2\/types\/page"}],"author":[{"embeddable":true,"href":"https:\/\/christianstrasse.de\/8nhd0g15eq\/index.php?rest_route=\/wp\/v2\/users\/606"}],"replies":[{"embeddable":true,"href":"https:\/\/christianstrasse.de\/8nhd0g15eq\/index.php?rest_route=%2Fwp%2Fv2%2Fcomments&post=447"}],"version-history":[{"count":1,"href":"https:\/\/christianstrasse.de\/8nhd0g15eq\/index.php?rest_route=\/wp\/v2\/pages\/447\/revisions"}],"predecessor-version":[{"id":2518,"href":"https:\/\/christianstrasse.de\/8nhd0g15eq\/index.php?rest_route=\/wp\/v2\/pages\/447\/revisions\/2518"}],"up":[{"embeddable":true,"href":"https:\/\/christianstrasse.de\/8nhd0g15eq\/index.php?rest_route=\/wp\/v2\/pages\/42"}],"wp:attachment":[{"href":"https:\/\/christianstrasse.de\/8nhd0g15eq\/index.php?rest_route=%2Fwp%2Fv2%2Fmedia&parent=447"}],"curies":[{"name":"wp","href":"https:\/\/api.w.org\/{rel}","templated":true}]}}