{"id":2592,"date":"2022-01-07T16:47:55","date_gmt":"2022-01-07T15:47:55","guid":{"rendered":"http:\/\/christianstrasse.de\/8nhd0g15eq\/?page_id=2592"},"modified":"2022-01-07T16:47:55","modified_gmt":"2022-01-07T15:47:55","slug":"labskaus","status":"publish","type":"page","link":"https:\/\/christianstrasse.de\/8nhd0g15eq\/?page_id=2592","title":{"rendered":"Labskaus"},"content":{"rendered":"<div class=\"hrecipe custom\">\n<p>Dies ist nat\u00fcrlich reichlich viel, aber es l\u00e4sst sich einfrieren.<\/p>\n<h2 class=\"fn\">Rezept: Labskaus nach Tim M\u00e4lzer<\/h2>\n<p class=\"summary\"><strong>Kurzbeschreibung:<\/strong><em> Die gro\u00dfe Portion aus Hamburg <\/em><\/p>\n<div class=\"ingredients\">\n<h4 class=\"ingredients\">Zutaten<\/h4>\n<ul class=\"ingredients\">\n<li class=\"ingredient\">600 g Rote Bete<\/li>\n<li class=\"ingredient\">1400 g mehligkochende Kartoffeln<\/li>\n<li class=\"ingredient\">Salz<\/li>\n<li class=\"ingredient\">250 g Zwiebeln<\/li>\n<li class=\"ingredient\">90 g Butter<\/li>\n<li class=\"ingredient\">340 g Corned beef<\/li>\n<li class=\"ingredient\">90 mL Rinder- oder Gem\u00fcsebr\u00fche<\/li>\n<li class=\"ingredient\">5 EL Gew\u00fcrzgurkensud<\/li>\n<li class=\"ingredient\">Pfeffer<\/li>\n<li class=\"ingredient\">15 Gew\u00fcrzgurken<\/li>\n<li class=\"ingredient\">10 Spiegeleier nach Geschmack<\/li>\n<li class=\"ingredient\">10 Rollm\u00f6pse nach Geschmack<\/li>\n<\/ul>\n<\/div>\n<div class=\"instructions\">\n<h4 class=\"instructions\">Zubereitung<\/h4>\n<ol class=\"instructions\">\n<li>Die rote Bete ungesc\u00e4lt in reichlich Salzwasser 30-50 min gar kochen. Aus dem Wasser nehmen.<\/li>\n<li>Die gesch\u00e4lten Kartoffeln ins Kochwasser der rote Bete geben, ev. mit Wasser auff\u00fcllen und in 20 min gar kochen.<\/li>\n<li>W\u00e4hrenddessen die rote Bete pellen und die Zwiebeln h\u00e4uten und klein schneiden.<\/li>\n<li>Die Butter in einen gro\u00dfen Topf geben und die Zwiebeln darin bei mittlerer Hitze glasig schwitzen.<\/li>\n<li>das Corned beef dazugeben und unter R\u00fchren 2-3 min anbraten.<\/li>\n<li>Die Br\u00fche mit dem Gurkensud mischen.<\/li>\n<li>Die rote Bete bis auf eine mit etwas Br\u00fche im Hacker grob p\u00fcrieren, die Kartoffeln fein stampfen.<\/li>\n<li>Beides in den Topf geben und den Rest Br\u00fche dazugie\u00dfen. Kr\u00e4ftig pfeffern, bei Bedarf salzen. Alles gut umr\u00fchren oder vorsichtig mit den Knethaken des Mixers glattr\u00fchren<\/li>\n<li>Spiegeleier braten, Rollm\u00f6pse abtropfen lassen, saure Gurken und restliche Bete l\u00e4ngs in Scheiben schneiden. Labskaus damit garnieren<\/li>\n<\/ol>\n<\/div>\n<\/div>\n<p>Zubereitungszeit: 90 min<br \/>\nPortionen: 10<br \/>\nQuelle: https:\/\/www.tim-maelzer-shop.de\/blogs\/rezepte\/labskaus modifiziert<\/p>\n","protected":false},"excerpt":{"rendered":"<p>Dies ist nat\u00fcrlich reichlich viel, aber es l\u00e4sst sich einfrieren. Rezept: Labskaus nach Tim M\u00e4lzer Kurzbeschreibung: Die gro\u00dfe Portion aus Hamburg Zutaten 600 g Rote Bete 1400 g mehligkochende Kartoffeln Salz 250 g Zwiebeln 90 g Butter 340 g Corned beef 90 mL Rinder- oder Gem\u00fcsebr\u00fche 5 EL Gew\u00fcrzgurkensud Pfeffer 15 Gew\u00fcrzgurken 10 Spiegeleier nach [&hellip;]<\/p>\n","protected":false},"author":606,"featured_media":0,"parent":199,"menu_order":0,"comment_status":"closed","ping_status":"closed","template":"","meta":{"ngg_post_thumbnail":0,"footnotes":""},"class_list":["post-2592","page","type-page","status-publish","hentry"],"_links":{"self":[{"href":"https:\/\/christianstrasse.de\/8nhd0g15eq\/index.php?rest_route=\/wp\/v2\/pages\/2592","targetHints":{"allow":["GET"]}}],"collection":[{"href":"https:\/\/christianstrasse.de\/8nhd0g15eq\/index.php?rest_route=\/wp\/v2\/pages"}],"about":[{"href":"https:\/\/christianstrasse.de\/8nhd0g15eq\/index.php?rest_route=\/wp\/v2\/types\/page"}],"author":[{"embeddable":true,"href":"https:\/\/christianstrasse.de\/8nhd0g15eq\/index.php?rest_route=\/wp\/v2\/users\/606"}],"replies":[{"embeddable":true,"href":"https:\/\/christianstrasse.de\/8nhd0g15eq\/index.php?rest_route=%2Fwp%2Fv2%2Fcomments&post=2592"}],"version-history":[{"count":3,"href":"https:\/\/christianstrasse.de\/8nhd0g15eq\/index.php?rest_route=\/wp\/v2\/pages\/2592\/revisions"}],"predecessor-version":[{"id":2595,"href":"https:\/\/christianstrasse.de\/8nhd0g15eq\/index.php?rest_route=\/wp\/v2\/pages\/2592\/revisions\/2595"}],"up":[{"embeddable":true,"href":"https:\/\/christianstrasse.de\/8nhd0g15eq\/index.php?rest_route=\/wp\/v2\/pages\/199"}],"wp:attachment":[{"href":"https:\/\/christianstrasse.de\/8nhd0g15eq\/index.php?rest_route=%2Fwp%2Fv2%2Fmedia&parent=2592"}],"curies":[{"name":"wp","href":"https:\/\/api.w.org\/{rel}","templated":true}]}}