{"id":2227,"date":"2016-01-27T18:14:08","date_gmt":"2016-01-27T17:14:08","guid":{"rendered":"http:\/\/christianstrasse.de\/8nhd0g15eq\/?page_id=2227"},"modified":"2017-02-28T16:23:05","modified_gmt":"2017-02-28T15:23:05","slug":"huehner-tajine-mit-eingelegten-zitronen-und-gruenen-oliven-r","status":"publish","type":"page","link":"https:\/\/christianstrasse.de\/8nhd0g15eq\/?page_id=2227","title":{"rendered":"H\u00fchner-Tajine mit eingelegten Zitronen und gr\u00fcnen Oliven (R)"},"content":{"rendered":"<div class=\"hrecipe custom\">\n<p class=\"fn\"><!-- default-view.php -->\n<div\n\tclass=\"ngg-galleryoverview default-view \n\t\t\"\n\tid=\"ngg-gallery-a5c64f9e5b2bece1209e991996490f90-1\">\n\n\t\t<!-- Thumbnails -->\n\t\t\t\t<div id=\"ngg-image-0\" class=\"ngg-gallery-thumbnail-box \n\t\t\t\t\t\t\t\t\t\t\t\" \n\t\t\t>\n\t\t\t\t\t\t<div class=\"ngg-gallery-thumbnail\">\n\t\t\t<a href=\"https:\/\/christianstrasse.de\/8nhd0g15eq\/wp-content\/gallery\/huehner-tajine\/pic00120160122.jpg\"\n\t\t\t\ttitle=\"\"\n\t\t\t\tdata-src=\"https:\/\/christianstrasse.de\/8nhd0g15eq\/wp-content\/gallery\/huehner-tajine\/pic00120160122.jpg\"\n\t\t\t\tdata-thumbnail=\"https:\/\/christianstrasse.de\/8nhd0g15eq\/wp-content\/gallery\/huehner-tajine\/thumbs\/thumbs_pic00120160122.jpg\"\n\t\t\t\tdata-image-id=\"1222\"\n\t\t\t\tdata-title=\"pic00120160122\"\n\t\t\t\tdata-description=\"\"\n\t\t\t\tdata-image-slug=\"pic00120160122\"\n\t\t\t\tclass='use_imagebrowser_effect' data-imagebrowser-url='https:\/\/christianstrasse.de\/8nhd0g15eq\/index.php\/nggallery\/image\/%STUB%?page_id=2227'>\n\t\t\t\t<img\n\t\t\t\t\ttitle=\"pic00120160122\"\n\t\t\t\t\talt=\"pic00120160122\"\n\t\t\t\t\tsrc=\"https:\/\/christianstrasse.de\/8nhd0g15eq\/wp-content\/gallery\/huehner-tajine\/thumbs\/thumbs_pic00120160122.jpg\"\n\t\t\t\t\twidth=\"110\"\n\t\t\t\t\theight=\"82\"\n\t\t\t\t\tstyle=\"max-width:100%;\"\n\t\t\t\t\/>\n\t\t\t<\/a>\n\t\t<\/div>\n\t\t\t\t\t\t\t<\/div> \n\t\t\t\n\t\t\t\t<div id=\"ngg-image-1\" class=\"ngg-gallery-thumbnail-box \n\t\t\t\t\t\t\t\t\t\t\t\" \n\t\t\t>\n\t\t\t\t\t\t<div class=\"ngg-gallery-thumbnail\">\n\t\t\t<a href=\"https:\/\/christianstrasse.de\/8nhd0g15eq\/wp-content\/gallery\/huehner-tajine\/pic00220160122.jpg\"\n\t\t\t\ttitle=\"\"\n\t\t\t\tdata-src=\"https:\/\/christianstrasse.de\/8nhd0g15eq\/wp-content\/gallery\/huehner-tajine\/pic00220160122.jpg\"\n\t\t\t\tdata-thumbnail=\"https:\/\/christianstrasse.de\/8nhd0g15eq\/wp-content\/gallery\/huehner-tajine\/thumbs\/thumbs_pic00220160122.jpg\"\n\t\t\t\tdata-image-id=\"1223\"\n\t\t\t\tdata-title=\"pic00220160122\"\n\t\t\t\tdata-description=\"\"\n\t\t\t\tdata-image-slug=\"pic00220160122\"\n\t\t\t\tclass='use_imagebrowser_effect' data-imagebrowser-url='https:\/\/christianstrasse.de\/8nhd0g15eq\/index.php\/nggallery\/image\/%STUB%?page_id=2227'>\n\t\t\t\t<img\n\t\t\t\t\ttitle=\"pic00220160122\"\n\t\t\t\t\talt=\"pic00220160122\"\n\t\t\t\t\tsrc=\"https:\/\/christianstrasse.de\/8nhd0g15eq\/wp-content\/gallery\/huehner-tajine\/thumbs\/thumbs_pic00220160122.jpg\"\n\t\t\t\t\twidth=\"110\"\n\t\t\t\t\theight=\"82\"\n\t\t\t\t\tstyle=\"max-width:100%;\"\n\t\t\t\t\/>\n\t\t\t<\/a>\n\t\t<\/div>\n\t\t\t\t\t\t\t<\/div> \n\t\t\t\n\t\t\t\t<div id=\"ngg-image-2\" class=\"ngg-gallery-thumbnail-box \n\t\t\t\t\t\t\t\t\t\t\t\" \n\t\t\t>\n\t\t\t\t\t\t<div class=\"ngg-gallery-thumbnail\">\n\t\t\t<a href=\"https:\/\/christianstrasse.de\/8nhd0g15eq\/wp-content\/gallery\/huehner-tajine\/pic00320160123.jpg\"\n\t\t\t\ttitle=\"\"\n\t\t\t\tdata-src=\"https:\/\/christianstrasse.de\/8nhd0g15eq\/wp-content\/gallery\/huehner-tajine\/pic00320160123.jpg\"\n\t\t\t\tdata-thumbnail=\"https:\/\/christianstrasse.de\/8nhd0g15eq\/wp-content\/gallery\/huehner-tajine\/thumbs\/thumbs_pic00320160123.jpg\"\n\t\t\t\tdata-image-id=\"1224\"\n\t\t\t\tdata-title=\"pic00320160123\"\n\t\t\t\tdata-description=\"\"\n\t\t\t\tdata-image-slug=\"pic00320160123\"\n\t\t\t\tclass='use_imagebrowser_effect' data-imagebrowser-url='https:\/\/christianstrasse.de\/8nhd0g15eq\/index.php\/nggallery\/image\/%STUB%?page_id=2227'>\n\t\t\t\t<img\n\t\t\t\t\ttitle=\"pic00320160123\"\n\t\t\t\t\talt=\"pic00320160123\"\n\t\t\t\t\tsrc=\"https:\/\/christianstrasse.de\/8nhd0g15eq\/wp-content\/gallery\/huehner-tajine\/thumbs\/thumbs_pic00320160123.jpg\"\n\t\t\t\t\twidth=\"110\"\n\t\t\t\t\theight=\"82\"\n\t\t\t\t\tstyle=\"max-width:100%;\"\n\t\t\t\t\/>\n\t\t\t<\/a>\n\t\t<\/div>\n\t\t\t\t\t\t\t<\/div> \n\t\t\t\n\t\t\t\t<div id=\"ngg-image-3\" class=\"ngg-gallery-thumbnail-box \n\t\t\t\t\t\t\t\t\t\t\t\" \n\t\t\t>\n\t\t\t\t\t\t<div class=\"ngg-gallery-thumbnail\">\n\t\t\t<a href=\"https:\/\/christianstrasse.de\/8nhd0g15eq\/wp-content\/gallery\/huehner-tajine\/pic00420160123.jpg\"\n\t\t\t\ttitle=\"\"\n\t\t\t\tdata-src=\"https:\/\/christianstrasse.de\/8nhd0g15eq\/wp-content\/gallery\/huehner-tajine\/pic00420160123.jpg\"\n\t\t\t\tdata-thumbnail=\"https:\/\/christianstrasse.de\/8nhd0g15eq\/wp-content\/gallery\/huehner-tajine\/thumbs\/thumbs_pic00420160123.jpg\"\n\t\t\t\tdata-image-id=\"1225\"\n\t\t\t\tdata-title=\"pic00420160123\"\n\t\t\t\tdata-description=\"\"\n\t\t\t\tdata-image-slug=\"pic00420160123\"\n\t\t\t\tclass='use_imagebrowser_effect' data-imagebrowser-url='https:\/\/christianstrasse.de\/8nhd0g15eq\/index.php\/nggallery\/image\/%STUB%?page_id=2227'>\n\t\t\t\t<img\n\t\t\t\t\ttitle=\"pic00420160123\"\n\t\t\t\t\talt=\"pic00420160123\"\n\t\t\t\t\tsrc=\"https:\/\/christianstrasse.de\/8nhd0g15eq\/wp-content\/gallery\/huehner-tajine\/thumbs\/thumbs_pic00420160123.jpg\"\n\t\t\t\t\twidth=\"110\"\n\t\t\t\t\theight=\"82\"\n\t\t\t\t\tstyle=\"max-width:100%;\"\n\t\t\t\t\/>\n\t\t\t<\/a>\n\t\t<\/div>\n\t\t\t\t\t\t\t<\/div> \n\t\t\t\n\t\t\t\t<div id=\"ngg-image-4\" class=\"ngg-gallery-thumbnail-box \n\t\t\t\t\t\t\t\t\t\t\t\" \n\t\t\t>\n\t\t\t\t\t\t<div class=\"ngg-gallery-thumbnail\">\n\t\t\t<a href=\"https:\/\/christianstrasse.de\/8nhd0g15eq\/wp-content\/gallery\/huehner-tajine\/pic00520160123.jpg\"\n\t\t\t\ttitle=\"\"\n\t\t\t\tdata-src=\"https:\/\/christianstrasse.de\/8nhd0g15eq\/wp-content\/gallery\/huehner-tajine\/pic00520160123.jpg\"\n\t\t\t\tdata-thumbnail=\"https:\/\/christianstrasse.de\/8nhd0g15eq\/wp-content\/gallery\/huehner-tajine\/thumbs\/thumbs_pic00520160123.jpg\"\n\t\t\t\tdata-image-id=\"1226\"\n\t\t\t\tdata-title=\"pic00520160123\"\n\t\t\t\tdata-description=\"\"\n\t\t\t\tdata-image-slug=\"pic00520160123\"\n\t\t\t\tclass='use_imagebrowser_effect' data-imagebrowser-url='https:\/\/christianstrasse.de\/8nhd0g15eq\/index.php\/nggallery\/image\/%STUB%?page_id=2227'>\n\t\t\t\t<img\n\t\t\t\t\ttitle=\"pic00520160123\"\n\t\t\t\t\talt=\"pic00520160123\"\n\t\t\t\t\tsrc=\"https:\/\/christianstrasse.de\/8nhd0g15eq\/wp-content\/gallery\/huehner-tajine\/thumbs\/thumbs_pic00520160123.jpg\"\n\t\t\t\t\twidth=\"110\"\n\t\t\t\t\theight=\"82\"\n\t\t\t\t\tstyle=\"max-width:100%;\"\n\t\t\t\t\/>\n\t\t\t<\/a>\n\t\t<\/div>\n\t\t\t\t\t\t\t<\/div> \n\t\t\t\n\t\t\t\t<div id=\"ngg-image-5\" class=\"ngg-gallery-thumbnail-box \n\t\t\t\t\t\t\t\t\t\t\t\" \n\t\t\t>\n\t\t\t\t\t\t<div class=\"ngg-gallery-thumbnail\">\n\t\t\t<a href=\"https:\/\/christianstrasse.de\/8nhd0g15eq\/wp-content\/gallery\/huehner-tajine\/pic00620160123.jpg\"\n\t\t\t\ttitle=\"\"\n\t\t\t\tdata-src=\"https:\/\/christianstrasse.de\/8nhd0g15eq\/wp-content\/gallery\/huehner-tajine\/pic00620160123.jpg\"\n\t\t\t\tdata-thumbnail=\"https:\/\/christianstrasse.de\/8nhd0g15eq\/wp-content\/gallery\/huehner-tajine\/thumbs\/thumbs_pic00620160123.jpg\"\n\t\t\t\tdata-image-id=\"1227\"\n\t\t\t\tdata-title=\"pic00620160123\"\n\t\t\t\tdata-description=\"\"\n\t\t\t\tdata-image-slug=\"pic00620160123\"\n\t\t\t\tclass='use_imagebrowser_effect' data-imagebrowser-url='https:\/\/christianstrasse.de\/8nhd0g15eq\/index.php\/nggallery\/image\/%STUB%?page_id=2227'>\n\t\t\t\t<img\n\t\t\t\t\ttitle=\"pic00620160123\"\n\t\t\t\t\talt=\"pic00620160123\"\n\t\t\t\t\tsrc=\"https:\/\/christianstrasse.de\/8nhd0g15eq\/wp-content\/gallery\/huehner-tajine\/thumbs\/thumbs_pic00620160123.jpg\"\n\t\t\t\t\twidth=\"110\"\n\t\t\t\t\theight=\"82\"\n\t\t\t\t\tstyle=\"max-width:100%;\"\n\t\t\t\t\/>\n\t\t\t<\/a>\n\t\t<\/div>\n\t\t\t\t\t\t\t<\/div> \n\t\t\t\n\t\t\t\t<div id=\"ngg-image-6\" class=\"ngg-gallery-thumbnail-box \n\t\t\t\t\t\t\t\t\t\t\t\" \n\t\t\t>\n\t\t\t\t\t\t<div class=\"ngg-gallery-thumbnail\">\n\t\t\t<a href=\"https:\/\/christianstrasse.de\/8nhd0g15eq\/wp-content\/gallery\/huehner-tajine\/pic00720160123.jpg\"\n\t\t\t\ttitle=\"\"\n\t\t\t\tdata-src=\"https:\/\/christianstrasse.de\/8nhd0g15eq\/wp-content\/gallery\/huehner-tajine\/pic00720160123.jpg\"\n\t\t\t\tdata-thumbnail=\"https:\/\/christianstrasse.de\/8nhd0g15eq\/wp-content\/gallery\/huehner-tajine\/thumbs\/thumbs_pic00720160123.jpg\"\n\t\t\t\tdata-image-id=\"1228\"\n\t\t\t\tdata-title=\"pic00720160123\"\n\t\t\t\tdata-description=\"\"\n\t\t\t\tdata-image-slug=\"pic00720160123\"\n\t\t\t\tclass='use_imagebrowser_effect' data-imagebrowser-url='https:\/\/christianstrasse.de\/8nhd0g15eq\/index.php\/nggallery\/image\/%STUB%?page_id=2227'>\n\t\t\t\t<img\n\t\t\t\t\ttitle=\"pic00720160123\"\n\t\t\t\t\talt=\"pic00720160123\"\n\t\t\t\t\tsrc=\"https:\/\/christianstrasse.de\/8nhd0g15eq\/wp-content\/gallery\/huehner-tajine\/thumbs\/thumbs_pic00720160123.jpg\"\n\t\t\t\t\twidth=\"110\"\n\t\t\t\t\theight=\"82\"\n\t\t\t\t\tstyle=\"max-width:100%;\"\n\t\t\t\t\/>\n\t\t\t<\/a>\n\t\t<\/div>\n\t\t\t\t\t\t\t<\/div> \n\t\t\t\n\t\t\t\t<div id=\"ngg-image-7\" class=\"ngg-gallery-thumbnail-box \n\t\t\t\t\t\t\t\t\t\t\t\" \n\t\t\t>\n\t\t\t\t\t\t<div class=\"ngg-gallery-thumbnail\">\n\t\t\t<a href=\"https:\/\/christianstrasse.de\/8nhd0g15eq\/wp-content\/gallery\/huehner-tajine\/pic00120160123.jpg\"\n\t\t\t\ttitle=\"\"\n\t\t\t\tdata-src=\"https:\/\/christianstrasse.de\/8nhd0g15eq\/wp-content\/gallery\/huehner-tajine\/pic00120160123.jpg\"\n\t\t\t\tdata-thumbnail=\"https:\/\/christianstrasse.de\/8nhd0g15eq\/wp-content\/gallery\/huehner-tajine\/thumbs\/thumbs_pic00120160123.jpg\"\n\t\t\t\tdata-image-id=\"1229\"\n\t\t\t\tdata-title=\"pic00120160123\"\n\t\t\t\tdata-description=\"\"\n\t\t\t\tdata-image-slug=\"pic00120160123\"\n\t\t\t\tclass='use_imagebrowser_effect' data-imagebrowser-url='https:\/\/christianstrasse.de\/8nhd0g15eq\/index.php\/nggallery\/image\/%STUB%?page_id=2227'>\n\t\t\t\t<img\n\t\t\t\t\ttitle=\"pic00120160123\"\n\t\t\t\t\talt=\"pic00120160123\"\n\t\t\t\t\tsrc=\"https:\/\/christianstrasse.de\/8nhd0g15eq\/wp-content\/gallery\/huehner-tajine\/thumbs\/thumbs_pic00120160123.jpg\"\n\t\t\t\t\twidth=\"110\"\n\t\t\t\t\theight=\"82\"\n\t\t\t\t\tstyle=\"max-width:100%;\"\n\t\t\t\t\/>\n\t\t\t<\/a>\n\t\t<\/div>\n\t\t\t\t\t\t\t<\/div> \n\t\t\t\n\t\n\t<br style=\"clear: both\" \/>\n\n\t\n\t\t<!-- Pagination -->\n\t\t<div class='ngg-clear'><\/div>\t<\/div>\n<\/p>\n<h2 class=\"fn\">Rezept: H\u00fchner-Tajine<\/h2>\n<p class=\"summary\"><strong>Kurzbeschreibung:<\/strong><em> Gutes aus dem Maghreb <\/em><\/p>\n<div class=\"ingredients\">\n<h4 class=\"ingredients\">Zutaten<\/h4>\n<ul class=\"ingredients\">\n<li class=\"ingredient\">1 frisches Bio-Huhn ca.1400g<\/li>\n<\/ul>\n<p>Chermoula:<\/p>\n<ul class=\"ingredients\">\n<li class=\"ingredient\">1 mittelgro\u00dfe rote Zwiebel<\/li>\n<li class=\"ingredient\">3 Knoblauchzehen (je nach Gr\u00f6\u00dfe auch gerne mehr)<\/li>\n<li class=\"ingredient\">25 g frischer Ingwer<\/li>\n<li class=\"ingredient\">1\/2 Bund Koriandergr\u00fcn oder, wenn man es nicht mag, glatte Petersilie<\/li>\n<li class=\"ingredient\">1 T\u00fctchen Safranf\u00e4den<\/li>\n<li class=\"ingredient\">1 Zitrone (Saft)<\/li>\n<li class=\"ingredient\">3 EL Oliven\u00f6l<\/li>\n<li class=\"ingredient\">1 TL gem\u00f6rster schwarzer Pfeffer<\/li>\n<li class=\"ingredient\">1 TL Salz<\/li>\n<\/ul>\n<p>Ferner:<\/p>\n<ul class=\"ingredients\">\n<li class=\"ingredient\">1 EL Oliven\u00f6l<\/li>\n<li class=\"ingredient\">1 TL Butter<\/li>\n<li class=\"ingredient\">ca. 500 mL H\u00fchnerfond<\/li>\n<li class=\"ingredient\">2 in Salzlake eingelegte Zitronen<\/li>\n<li class=\"ingredient\">150 g entsteinte gr\u00fcne Oliven<\/li>\n<li class=\"ingredient\">2 TL getrockneter Thymian<\/li>\n<li class=\"ingredient\">2 EL Speisest\u00e4rke<\/li>\n<\/ul>\n<\/div>\n<div class=\"instructions\">\n<h4 class=\"instructions\">Zubereitung<\/h4>\n<ol class=\"instructions\">\n<li>Alle festen Zutaten f\u00fcr die Chermoula grob zerkleinern und mit den Fl\u00fcssigkeiten zun\u00e4chst im Mixer hacken<\/li>\n<li>Die Masse anschlie\u00dfend mit dem Mixstab fein p\u00fcrieren<\/li>\n<li>H\u00fchnerkeulen und Br\u00fcste ausl\u00f6sen und in eine ausreichend gro\u00dfe, flache Sch\u00fcssel (kein Metall) legen. Wie man ein Huhn sauber zelegt, zeigt uns ein <a href=\"https:\/\/www.youtube.com\/watch?v=fzqERI5y6Qs\">Youtube-Video<\/a> von <a href=\"http:\/\/Kuechengoetter.de\">Kuechengoetter.de<\/a><\/li>\n<li>H\u00fchnerteile mit der Chermoula \u00fcbergie\u00dfen und diese gleichm\u00e4\u00dfig verteilen.<\/li>\n<li>24 Std im K\u00fchlschrank marinieren. Gelegentlich wenden, so dass die Marinade \u00fcberall einwirken kann.<\/li>\n<li>Die Karkasse in einen Topf legen, mit ca. 1,5 L leicht gesalzenem Wasser auff\u00fcllen und \u00fcber mehrere Std. auskochen<\/li>\n<li>Fleischreste und Knochen entfernen, die entstandene Br\u00fche entfetten und bis zur weiteren Verwendung kalt stellen.<\/li>\n<li>Am n\u00e4chsten Tag die Chermoula soweit m\u00f6glich mit dem Teigschaber vom Fleisch abnehmen und beiseite stellen<\/li>\n<li>\u00d6l und Butter in einer Tajine oder einer gro\u00dfen, schweren Pfanne m\u00e4\u00dfig hei\u00df werden lassen und das Fleisch von allen Seiten anbraten.<\/li>\n<li>Chermoula dazu geben und mit ca 500 mL H\u00fchnerbr\u00fche auff\u00fcllen, so dass das Fleisch zur H\u00e4lfte mit Kochfl\u00fcssigkeit bedeckt ist. Bei gro\u00dfer Hitze aufkochen, klein stellen und 45 min simmern lassen. Das Fleisch einmal wenden.<\/li>\n<li>Inzwischen die eingelegten Zitronen absp\u00fclen, entkernen und in kleine St\u00fccke von ca 1 cm Kantenl\u00e4nge schneiden<\/li>\n<li>Falls noch nicht geschehen, die Oliven m\u00fchselig entsteinen und danach ebenfalls klein schneiden.<\/li>\n<li>Oliven und Zitronen zum Fleisch geben, mit Thymian kr\u00e4ftig abschmecken und nochmals 15 min simmern lassen<\/li>\n<li>Die Sauce mit Speisest\u00e4rke binden<\/li>\n<li>Mit Couscous oder Fladenbrot servieren.<\/li>\n<\/ol>\n<\/div>\n<\/div>\n<p>Vorbereitungszeit: 30 Min<br \/>\nWartezeit: 24 Std<br \/>\nZubereitungszeit: 60 Min<br \/>\nQuelle: <a href=\"http:\/\/www.chefkoch.de\/rezepte\/2033421329489767\/Huehner-Tajine-mit-eingelegter-Zitrone-und-gruenen-Oliven.html\">http:\/\/www.chefkoch.de\/rezepte\/2033421329489767\/Huehner-Tajine-mit-eingelegter-Zitrone-und-gruenen-Oliven.html <\/a>modifiziert<\/p>\n<p><a href=\"http:\/\/christianstrasse.de\/8nhd0g15eq\/?page_id=440\">zur\u00fcck<\/a><\/p>\n","protected":false},"excerpt":{"rendered":"<p>Rezept: H\u00fchner-Tajine Kurzbeschreibung: Gutes aus dem Maghreb Zutaten 1 frisches Bio-Huhn ca.1400g Chermoula: 1 mittelgro\u00dfe rote Zwiebel 3 Knoblauchzehen (je nach Gr\u00f6\u00dfe auch gerne mehr) 25 g frischer Ingwer 1\/2 Bund Koriandergr\u00fcn oder, wenn man es nicht mag, glatte Petersilie 1 T\u00fctchen Safranf\u00e4den 1 Zitrone (Saft) 3 EL Oliven\u00f6l 1 TL gem\u00f6rster schwarzer Pfeffer 1 [&hellip;]<\/p>\n","protected":false},"author":606,"featured_media":0,"parent":440,"menu_order":0,"comment_status":"closed","ping_status":"closed","template":"","meta":{"ngg_post_thumbnail":0,"footnotes":""},"class_list":["post-2227","page","type-page","status-publish","hentry"],"_links":{"self":[{"href":"https:\/\/christianstrasse.de\/8nhd0g15eq\/index.php?rest_route=\/wp\/v2\/pages\/2227","targetHints":{"allow":["GET"]}}],"collection":[{"href":"https:\/\/christianstrasse.de\/8nhd0g15eq\/index.php?rest_route=\/wp\/v2\/pages"}],"about":[{"href":"https:\/\/christianstrasse.de\/8nhd0g15eq\/index.php?rest_route=\/wp\/v2\/types\/page"}],"author":[{"embeddable":true,"href":"https:\/\/christianstrasse.de\/8nhd0g15eq\/index.php?rest_route=\/wp\/v2\/users\/606"}],"replies":[{"embeddable":true,"href":"https:\/\/christianstrasse.de\/8nhd0g15eq\/index.php?rest_route=%2Fwp%2Fv2%2Fcomments&post=2227"}],"version-history":[{"count":0,"href":"https:\/\/christianstrasse.de\/8nhd0g15eq\/index.php?rest_route=\/wp\/v2\/pages\/2227\/revisions"}],"up":[{"embeddable":true,"href":"https:\/\/christianstrasse.de\/8nhd0g15eq\/index.php?rest_route=\/wp\/v2\/pages\/440"}],"wp:attachment":[{"href":"https:\/\/christianstrasse.de\/8nhd0g15eq\/index.php?rest_route=%2Fwp%2Fv2%2Fmedia&parent=2227"}],"curies":[{"name":"wp","href":"https:\/\/api.w.org\/{rel}","templated":true}]}}