{"id":2091,"date":"2015-01-16T19:15:02","date_gmt":"2015-01-16T18:15:02","guid":{"rendered":"http:\/\/christianstrasse.de\/8nhd0g15eq\/?page_id=2091"},"modified":"2015-01-16T19:46:27","modified_gmt":"2015-01-16T18:46:27","slug":"schokoladensouffle-r","status":"publish","type":"page","link":"https:\/\/christianstrasse.de\/8nhd0g15eq\/?page_id=2091","title":{"rendered":"Schokoladensouffl\u00e9 (R)"},"content":{"rendered":"<p><a href=\"http:\/\/christianstrasse.de\/8nhd0g15eq\/wp-content\/uploads\/IMG_0237.jpg\"><img loading=\"lazy\" decoding=\"async\" class=\"aligncenter wp-image-2095\" src=\"http:\/\/christianstrasse.de\/8nhd0g15eq\/wp-content\/uploads\/IMG_0237.jpg\" alt=\"IMG_0237\" width=\"650\" height=\"488\" srcset=\"https:\/\/christianstrasse.de\/8nhd0g15eq\/wp-content\/uploads\/IMG_0237.jpg 2592w, https:\/\/christianstrasse.de\/8nhd0g15eq\/wp-content\/uploads\/IMG_0237-300x225.jpg 300w, https:\/\/christianstrasse.de\/8nhd0g15eq\/wp-content\/uploads\/IMG_0237-1024x768.jpg 1024w\" sizes=\"auto, (max-width: 650px) 100vw, 650px\" \/><\/a><\/p>\n<div class=\"hrecipe custom\">\n<h2 class=\"fn\">Rezept: Schokoladensouffl\u00e9<\/h2>\n<p class=\"summary\"><strong>Kurzbeschreibung:<\/strong><em> Eine S\u00fcnde wert<\/em><\/p>\n<div class=\"ingredients\">\n<h4 class=\"ingredients\">Zutaten<\/h4>\n<ul class=\"ingredients\">\n<li class=\"ingredient\">3 Eier<\/li>\n<li class=\"ingredient\">80g Schokolade (100% Kakaoanteil)<\/li>\n<li class=\"ingredient\">80 ml Milch<\/li>\n<li class=\"ingredient\">40g Zucker<\/li>\n<li class=\"ingredient\">etwas Butter f\u00fcr die Form<\/li>\n<\/ul>\n<\/div>\n<div class=\"instructions\">\n<h4 class=\"instructions\">Zubereitung<\/h4>\n<ol class=\"instructions\">\n<li>Backofen auf 180\u00b0C vorheizen<\/li>\n<li>Die Milch vorsichtig in einem Topf erhitzen<\/li>\n<li>Schokolade hacken und in die Milch geben<\/li>\n<li>Wenn die Schokolade weich ist und zu schmelzen beginnt, mit dem Schneebesen zu einer glatten Masse verr\u00fchren. Etwas abk\u00fchlen lassen<\/li>\n<li>Die Eier trennen, die Eigelbe zur warmen Schokoladenmasse geben und einr\u00fchren<\/li>\n<li>Die Eiweisse mit dem Zucker in eine Sch\u00fcssel geben und sehr steif schlagen<\/li>\n<li>Vorsichtig die Schokoladenmasse unter den Eischnee heben<\/li>\n<li>Eine gr\u00f6\u00dfere Souffl\u00e9form ausbuttern, die Masse einf\u00fcllen und 25-30 min backen.<\/li>\n<li>Portionen: 3-4<\/li>\n<\/ol>\n<p><a title=\"Die Kochseite\" href=\"http:\/\/christianstrasse.de\/8nhd0g15eq\/?page_id=42\">zur\u00fcck<\/a><\/p>\n<p>&nbsp;<\/p>\n<\/div>\n<\/div>\n","protected":false},"excerpt":{"rendered":"<p>Rezept: Schokoladensouffl\u00e9 Kurzbeschreibung: Eine S\u00fcnde wert Zutaten 3 Eier 80g Schokolade (100% Kakaoanteil) 80 ml Milch 40g Zucker etwas Butter f\u00fcr die Form Zubereitung Backofen auf 180\u00b0C vorheizen Die Milch vorsichtig in einem Topf erhitzen Schokolade hacken und in die Milch geben Wenn die Schokolade weich ist und zu schmelzen beginnt, mit dem Schneebesen zu [&hellip;]<\/p>\n","protected":false},"author":606,"featured_media":0,"parent":1447,"menu_order":0,"comment_status":"open","ping_status":"closed","template":"","meta":{"ngg_post_thumbnail":0,"footnotes":""},"class_list":["post-2091","page","type-page","status-publish","hentry"],"_links":{"self":[{"href":"https:\/\/christianstrasse.de\/8nhd0g15eq\/index.php?rest_route=\/wp\/v2\/pages\/2091","targetHints":{"allow":["GET"]}}],"collection":[{"href":"https:\/\/christianstrasse.de\/8nhd0g15eq\/index.php?rest_route=\/wp\/v2\/pages"}],"about":[{"href":"https:\/\/christianstrasse.de\/8nhd0g15eq\/index.php?rest_route=\/wp\/v2\/types\/page"}],"author":[{"embeddable":true,"href":"https:\/\/christianstrasse.de\/8nhd0g15eq\/index.php?rest_route=\/wp\/v2\/users\/606"}],"replies":[{"embeddable":true,"href":"https:\/\/christianstrasse.de\/8nhd0g15eq\/index.php?rest_route=%2Fwp%2Fv2%2Fcomments&post=2091"}],"version-history":[{"count":0,"href":"https:\/\/christianstrasse.de\/8nhd0g15eq\/index.php?rest_route=\/wp\/v2\/pages\/2091\/revisions"}],"up":[{"embeddable":true,"href":"https:\/\/christianstrasse.de\/8nhd0g15eq\/index.php?rest_route=\/wp\/v2\/pages\/1447"}],"wp:attachment":[{"href":"https:\/\/christianstrasse.de\/8nhd0g15eq\/index.php?rest_route=%2Fwp%2Fv2%2Fmedia&parent=2091"}],"curies":[{"name":"wp","href":"https:\/\/api.w.org\/{rel}","templated":true}]}}