{"id":199,"date":"2011-09-17T17:29:48","date_gmt":"2011-09-17T15:29:48","guid":{"rendered":"http:\/\/christianstrasse.de\/8nhd0g15eq\/?page_id=199"},"modified":"2018-08-06T11:24:26","modified_gmt":"2018-08-06T10:24:26","slug":"fleisch","status":"publish","type":"page","link":"https:\/\/christianstrasse.de\/8nhd0g15eq\/?page_id=199","title":{"rendered":"Fleisch"},"content":{"rendered":"<p style=\"text-align: center;\"><a href=\"http:\/\/christianstrasse.de\/8nhd0g15eq\/wp-content\/uploads\/Fleisch_1024.jpg\"><img loading=\"lazy\" decoding=\"async\" class=\"size-full wp-image-252 aligncenter\" title=\"Fleisch_1024\" src=\"http:\/\/christianstrasse.de\/8nhd0g15eq\/wp-content\/uploads\/Fleisch_1024.jpg\" alt=\"\" width=\"645\" height=\"484\" srcset=\"https:\/\/christianstrasse.de\/8nhd0g15eq\/wp-content\/uploads\/Fleisch_1024.jpg 1024w, https:\/\/christianstrasse.de\/8nhd0g15eq\/wp-content\/uploads\/Fleisch_1024-300x225.jpg 300w\" sizes=\"auto, (max-width: 645px) 100vw, 645px\" \/><\/a><a href=\"http:\/\/christianstrasse.de\/8nhd0g15eq\/wp-content\/uploads\/Fleisch_1024.jpg\"><br \/>\n<\/a><\/p>\n<p><a title=\"Die Kochseite\" href=\"http:\/\/christianstrasse.de\/8nhd0g15eq\/?page_id=42\">zur\u00fcck<\/a><\/p>\n<p style=\"text-align: justify;\">Bei dem verbreiteten t\u00e4glichen Verzehr von Fleisch aus nicht artgerechter Haltung in der Gemeinschaftsverpflegung, kommen auch mir Bedenken hinsichtlich der moralischen Rechtfertigung solchen Tuns.<\/p>\n<p style=\"text-align: justify;\">Ich besuche nur an einem Tag der Woche unsere Firmenkantine und nehme dann i.d.R. ein Fischgericht &#8211; ok, wenn die Currywurst auf dem Speiseplan, dann selbstverst\u00e4ndlich sie. Mit Pommes-Bahnschranke, versteht sich.<\/p>\n<p style=\"text-align: justify;\">Zuhause gibt es etwa einmal pro Woche ein Fleischgericht, dann allerdings gern einen Braten, ein Gulasch oder ein Curry. Mit der Bereitung von Braten habe ich meine Neigung zum Kochen entdeckt. Die erste Regel dabei war, kein Bratenst\u00fcck unter 1kg zuzubereiten, da das Resultat meist hart und trocken wird.<\/p>\n<p style=\"text-align: justify;\">Nun ein paar weitere Trivia:<\/p>\n<p style=\"text-align: justify;\">Die Bratzeit eines klassisch (in trockener Hitze) hergestellten Bratens ermittle ich nach der H\u00f6he und nicht nach dem Gewicht. Hier haben sich 10 min pro cm H\u00f6he bew\u00e4hrt. Den Braten im vorgeheizten Backrohr je 10 min bei 225\u00b0C anbraten, die Hitze auf 180\u00b0C reduzieren und fertig braten. Die Temperatur kontrolliere ich mit einem Ofenthermometer, keineswegs mit einem Bratenthermometer.<\/p>\n<p style=\"text-align: justify;\">Bei ausgel\u00f6stem Fleisch wie einer Lammkeule w\u00fcrze oder f\u00fclle ich die Innenseite des Bratens und binde ihn danach mit K\u00fcchengarn. Schweiner\u00fccken f\u00fclle ich der L\u00e4nge nach mit Pflaumen oder Knoblauch, nachdem ich mit dem Ausbeinmesser einen entsprechenden Kanal im Fleisch vorbereitet habe. Es gen\u00fcgt auch, durch einen schmalen Kanal ein paar Rosmarinzweige zu ziehen, um einen besonderen Geschmack zu erhalten.<\/p>\n<p style=\"text-align: justify;\">St\u00fccke wie das Entrecote, die aus mehreren, nicht sonderlich fest miteinander verbundenen Muskeln bestehen, binde ich, um ihre Stabilit\u00e4t zu verbessern. Daher verwende ich gern K\u00fcchengarn, auch in Verbindung mit Rouladenspiessen, mit denen man verhindern kann, dass eine F\u00fclle den Braten bereits vor der Zeit verl\u00e4sst<\/p>\n<p style=\"text-align: justify;\">Fleisch f\u00fcr Gulasch oder Curries kaufe ich im St\u00fcck und schneide es selbst, um die Anteile von Fett und Bindegewebe kontrollieren zu k\u00f6nnen, die grossen Einfluss auf Geschmack und Konsistenz haben.<\/p>\n<p>&nbsp;<\/p>\n<p><a href=\"http:\/\/christianstrasse.de\/8nhd0g15eq\/?page_id=2420\">Beef Brisket;<\/a> Rinderbrust 10 Std. bei Niedertemperatur im Ofen gegart (R)<\/p>\n<p><a title=\"Boeuf bourguignon\" href=\"http:\/\/christianstrasse.de\/8nhd0g15eq\/?page_id=54\">Boeuf bourguignon I;<\/a> Rindfleisch mit Karotten, Pilzen, Speck und Zwiebeln in Burgunder geschmort (R)<\/p>\n<p><a title=\"Boeuf bourguignon II (R)\" href=\"http:\/\/christianstrasse.de\/8nhd0g15eq\/?page_id=1436\">Boeuf bourguignon II<\/a>; Rindfleisch mariniert und pur in der Burgundermarinade geschmort (R)<\/p>\n<p><a title=\"Daube provencale\" href=\"http:\/\/christianstrasse.de\/8nhd0g15eq\/?page_id=503\">Daube provencale<\/a>, mariniertes Rindfleisch, geschmort (R)<\/p>\n<p><a href=\"http:\/\/christianstrasse.de\/8nhd0g15eq\/?page_id=2362\">Der Braten,<\/a> allgemeiner \u00dcberblick<\/p>\n<p><a title=\"entrecote\" href=\"http:\/\/christianstrasse.de\/8nhd0g15eq\/?page_id=142\">Entrecote I<\/a>; das Zwischenrippenst\u00fcck als Niedertemperaturbraten (R)<\/p>\n<p><a title=\"Entrecote mit 3 Saucen nach Ottolenghi (R)\" href=\"http:\/\/christianstrasse.de\/8nhd0g15eq\/?page_id=1950\">Entrecote II <\/a>mit 3 Saucen nach Ottolenghi (R)<\/p>\n<p><a href=\"http:\/\/christianstrasse.de\/8nhd0g15eq\/?page_id=2055\">Geschmorte Ochsenbacken<\/a><\/p>\n<p><a title=\"Hackfleisch zum Braten und als F\u00fclle\" href=\"http:\/\/christianstrasse.de\/8nhd0g15eq\/?page_id=828\">Hackfleisch<\/a> zum Braten und als F\u00fclle (Frikadellen, Hackbraten, gef\u00fcllte Paprika usw.) (R)<\/p>\n<p><a title=\"Hackfleischsugo\" href=\"http:\/\/christianstrasse.de\/8nhd0g15eq\/?page_id=475\">Hackfleischsugo<\/a>, Sauce bolognese (Penne, Lasagne usw.) (R)<\/p>\n<p><a title=\"Karree vom Schwein (R)\" href=\"http:\/\/christianstrasse.de\/8nhd0g15eq\/?page_id=1374\">Karree vom Schwein<\/a> \u00fcber Gem\u00fcse gebraten (R)<\/p>\n<p><a title=\"Kohlrouladen\" href=\"http:\/\/christianstrasse.de\/8nhd0g15eq\/?page_id=1498\">Kohlrouladen<\/a> mit Hackfleischf\u00fclle (R)<\/p>\n<p><a title=\"Lammkeule ausbeinen und braten (R)\" href=\"http:\/\/christianstrasse.de\/8nhd0g15eq\/?page_id=1922\">Lammbraten auf Kartoffeln und Tomaten<\/a>, Lammkeule ausbeinen und braten (R)<\/p>\n<p><a title=\"Lammkarree I\" href=\"http:\/\/christianstrasse.de\/8nhd0g15eq\/?page_id=1982\">Lammkarree I<\/a>, nach Ottolenghi mariniert und gebraten (R)<\/p>\n<p><a title=\"Lammkarree II\" href=\"http:\/\/christianstrasse.de\/8nhd0g15eq\/?page_id=1985\">Lammkarree II<\/a>, klassisch mit Rosmarien und Knoblauch (R)<\/p>\n<p><a title=\"Lammkarre III\" href=\"http:\/\/christianstrasse.de\/8nhd0g15eq\/?page_id=1820\">Lammkarree III<\/a>, mit Tomaten und Zwiebeln aus dem Ofen (R)<\/p>\n<p><a title=\"Geschmorte Ochsenbacken (R)\" href=\"http:\/\/christianstrasse.de\/8nhd0g15eq\/?page_id=2055\">Ochsenbacken<\/a> in Rotwein geschmort (R)<\/p>\n<p><a href=\"http:\/\/christianstrasse.de\/8nhd0g15eq\/?page_id=2378\">Roastbeef<\/a> bei Niedertemperatur gegart (R)<\/p>\n<p><a title=\"Rouladen\" href=\"http:\/\/christianstrasse.de\/8nhd0g15eq\/?page_id=74\">Rouladen<\/a>, der teutonische Klassiker (R)<\/p>\n<p><a title=\"Sauerbraten Rheinische Art (R)\" href=\"http:\/\/christianstrasse.de\/8nhd0g15eq\/?page_id=1603\">Sauerbraten Rheinische Art<\/a>, mariniertes Rindfleisch, sanft geschmort (R)<\/p>\n<p><a href=\"http:\/\/christianstrasse.de\/8nhd0g15eq\/?page_id=2321\">Schweinefilets in Senfsauce<\/a><\/p>\n<p><a href=\"http:\/\/christianstrasse.de\/8nhd0g15eq\/?page_id=2392\">Schweinenackenbraten<\/a> mit Ananas i.m. (R)<\/p>\n<p><a href=\"http:\/\/christianstrasse.de\/8nhd0g15eq\/?page_id=2102\">Steckr\u00fcbeneintopf (Hamburger National)<\/a><\/p>\n<p><a title=\"Tafelspitz\" href=\"http:\/\/christianstrasse.de\/8nhd0g15eq\/?page_id=654\">Tafelspitz<\/a>, sanft in Br\u00fche gegart (R)<\/p>\n<p><a title=\"Wildschweinr\u00fcckenbraten\" href=\"http:\/\/christianstrasse.de\/8nhd0g15eq\/?page_id=911\">Wildschweinr\u00fccken,<\/a> Niedertemperaturbraten (R)<\/p>\n<p>&nbsp;<\/p>\n<p>&nbsp;<\/p>\n<p><a title=\"Die Kochseite\" href=\"http:\/\/christianstrasse.de\/8nhd0g15eq\/?page_id=42\">zur\u00fcck<\/a><\/p>\n","protected":false},"excerpt":{"rendered":"<p>zur\u00fcck Bei dem verbreiteten t\u00e4glichen Verzehr von Fleisch aus nicht artgerechter Haltung in der Gemeinschaftsverpflegung, kommen auch mir Bedenken hinsichtlich der moralischen Rechtfertigung solchen Tuns. Ich besuche nur an einem Tag der Woche unsere Firmenkantine und nehme dann i.d.R. ein Fischgericht &#8211; ok, wenn die Currywurst auf dem Speiseplan, dann selbstverst\u00e4ndlich sie. Mit Pommes-Bahnschranke, versteht [&hellip;]<\/p>\n","protected":false},"author":606,"featured_media":0,"parent":42,"menu_order":0,"comment_status":"open","ping_status":"open","template":"","meta":{"ngg_post_thumbnail":0,"footnotes":""},"class_list":["post-199","page","type-page","status-publish","hentry"],"_links":{"self":[{"href":"https:\/\/christianstrasse.de\/8nhd0g15eq\/index.php?rest_route=\/wp\/v2\/pages\/199","targetHints":{"allow":["GET"]}}],"collection":[{"href":"https:\/\/christianstrasse.de\/8nhd0g15eq\/index.php?rest_route=\/wp\/v2\/pages"}],"about":[{"href":"https:\/\/christianstrasse.de\/8nhd0g15eq\/index.php?rest_route=\/wp\/v2\/types\/page"}],"author":[{"embeddable":true,"href":"https:\/\/christianstrasse.de\/8nhd0g15eq\/index.php?rest_route=\/wp\/v2\/users\/606"}],"replies":[{"embeddable":true,"href":"https:\/\/christianstrasse.de\/8nhd0g15eq\/index.php?rest_route=%2Fwp%2Fv2%2Fcomments&post=199"}],"version-history":[{"count":3,"href":"https:\/\/christianstrasse.de\/8nhd0g15eq\/index.php?rest_route=\/wp\/v2\/pages\/199\/revisions"}],"predecessor-version":[{"id":2438,"href":"https:\/\/christianstrasse.de\/8nhd0g15eq\/index.php?rest_route=\/wp\/v2\/pages\/199\/revisions\/2438"}],"up":[{"embeddable":true,"href":"https:\/\/christianstrasse.de\/8nhd0g15eq\/index.php?rest_route=\/wp\/v2\/pages\/42"}],"wp:attachment":[{"href":"https:\/\/christianstrasse.de\/8nhd0g15eq\/index.php?rest_route=%2Fwp%2Fv2%2Fmedia&parent=199"}],"curies":[{"name":"wp","href":"https:\/\/api.w.org\/{rel}","templated":true}]}}