{"id":1498,"date":"2014-08-31T15:03:02","date_gmt":"2014-08-31T14:03:02","guid":{"rendered":"http:\/\/christianstrasse.de\/8nhd0g15eq\/?page_id=1498"},"modified":"2014-08-31T15:03:02","modified_gmt":"2014-08-31T14:03:02","slug":"kohlrouladen","status":"publish","type":"page","link":"https:\/\/christianstrasse.de\/8nhd0g15eq\/?page_id=1498","title":{"rendered":"Kohlrouladen"},"content":{"rendered":"<p>Eines der wenigen Kantinengerichte, die durch langes Warmhalten nicht leiden, sondern an sich besser werden.<\/p>\n<p>Man sehe von den Beilagen wie zerkochten Kartoffeln und einer scheu\u00dflichen Instantsauce einmal ab. Ich bevorzuge Rouladen mit Wei\u00dfkohlbl\u00e4ttern anstatt mit Wirsing und zwar jeweils zwei Bl\u00e4ttern pro Krautwickel, von denen das \u00e4u\u00dfere den unvergleichlichen leichten Karamelgeschmack liefert, w\u00e4hrend es sich langsam dunkelbraun f\u00e4rbt und das innere Blatt als s\u00fc\u00dfes Gem\u00fcse die Hackfleischf\u00fclle begleitet.<\/p>\n<p>&nbsp;<\/p>\n<!-- default-view.php -->\n<div\n\tclass=\"ngg-galleryoverview default-view \n\t\t\"\n\tid=\"ngg-gallery-b8cf7bc85b30126564e9e0b31f370820-1\">\n\n\t\t<!-- Thumbnails -->\n\t\t\t\t<div id=\"ngg-image-0\" class=\"ngg-gallery-thumbnail-box \n\t\t\t\t\t\t\t\t\t\t\t\" \n\t\t\t>\n\t\t\t\t\t\t<div class=\"ngg-gallery-thumbnail\">\n\t\t\t<a href=\"https:\/\/christianstrasse.de\/8nhd0g15eq\/wp-content\/gallery\/kohlrouladen\/img_0569.jpg\"\n\t\t\t\ttitle=\"\"\n\t\t\t\tdata-src=\"https:\/\/christianstrasse.de\/8nhd0g15eq\/wp-content\/gallery\/kohlrouladen\/img_0569.jpg\"\n\t\t\t\tdata-thumbnail=\"https:\/\/christianstrasse.de\/8nhd0g15eq\/wp-content\/gallery\/kohlrouladen\/thumbs\/thumbs_img_0569.jpg\"\n\t\t\t\tdata-image-id=\"920\"\n\t\t\t\tdata-title=\"img_0569\"\n\t\t\t\tdata-description=\"\"\n\t\t\t\tdata-image-slug=\"img_0569\"\n\t\t\t\tclass='use_imagebrowser_effect' data-imagebrowser-url='https:\/\/christianstrasse.de\/8nhd0g15eq\/index.php\/nggallery\/image\/%STUB%?page_id=1498'>\n\t\t\t\t<img\n\t\t\t\t\ttitle=\"img_0569\"\n\t\t\t\t\talt=\"img_0569\"\n\t\t\t\t\tsrc=\"https:\/\/christianstrasse.de\/8nhd0g15eq\/wp-content\/gallery\/kohlrouladen\/thumbs\/thumbs_img_0569.jpg\"\n\t\t\t\t\twidth=\"110\"\n\t\t\t\t\theight=\"82\"\n\t\t\t\t\tstyle=\"max-width:100%;\"\n\t\t\t\t\/>\n\t\t\t<\/a>\n\t\t<\/div>\n\t\t\t\t\t\t\t<\/div> \n\t\t\t\n\t\t\t\t<div id=\"ngg-image-1\" class=\"ngg-gallery-thumbnail-box \n\t\t\t\t\t\t\t\t\t\t\t\" \n\t\t\t>\n\t\t\t\t\t\t<div class=\"ngg-gallery-thumbnail\">\n\t\t\t<a href=\"https:\/\/christianstrasse.de\/8nhd0g15eq\/wp-content\/gallery\/kohlrouladen\/img_0571.jpg\"\n\t\t\t\ttitle=\"\"\n\t\t\t\tdata-src=\"https:\/\/christianstrasse.de\/8nhd0g15eq\/wp-content\/gallery\/kohlrouladen\/img_0571.jpg\"\n\t\t\t\tdata-thumbnail=\"https:\/\/christianstrasse.de\/8nhd0g15eq\/wp-content\/gallery\/kohlrouladen\/thumbs\/thumbs_img_0571.jpg\"\n\t\t\t\tdata-image-id=\"922\"\n\t\t\t\tdata-title=\"img_0571\"\n\t\t\t\tdata-description=\"\"\n\t\t\t\tdata-image-slug=\"img_0571\"\n\t\t\t\tclass='use_imagebrowser_effect' data-imagebrowser-url='https:\/\/christianstrasse.de\/8nhd0g15eq\/index.php\/nggallery\/image\/%STUB%?page_id=1498'>\n\t\t\t\t<img\n\t\t\t\t\ttitle=\"img_0571\"\n\t\t\t\t\talt=\"img_0571\"\n\t\t\t\t\tsrc=\"https:\/\/christianstrasse.de\/8nhd0g15eq\/wp-content\/gallery\/kohlrouladen\/thumbs\/thumbs_img_0571.jpg\"\n\t\t\t\t\twidth=\"110\"\n\t\t\t\t\theight=\"82\"\n\t\t\t\t\tstyle=\"max-width:100%;\"\n\t\t\t\t\/>\n\t\t\t<\/a>\n\t\t<\/div>\n\t\t\t\t\t\t\t<\/div> \n\t\t\t\n\t\t\t\t<div id=\"ngg-image-2\" class=\"ngg-gallery-thumbnail-box \n\t\t\t\t\t\t\t\t\t\t\t\" \n\t\t\t>\n\t\t\t\t\t\t<div class=\"ngg-gallery-thumbnail\">\n\t\t\t<a href=\"https:\/\/christianstrasse.de\/8nhd0g15eq\/wp-content\/gallery\/kohlrouladen\/img_0572.jpg\"\n\t\t\t\ttitle=\"\"\n\t\t\t\tdata-src=\"https:\/\/christianstrasse.de\/8nhd0g15eq\/wp-content\/gallery\/kohlrouladen\/img_0572.jpg\"\n\t\t\t\tdata-thumbnail=\"https:\/\/christianstrasse.de\/8nhd0g15eq\/wp-content\/gallery\/kohlrouladen\/thumbs\/thumbs_img_0572.jpg\"\n\t\t\t\tdata-image-id=\"923\"\n\t\t\t\tdata-title=\"img_0572\"\n\t\t\t\tdata-description=\"\"\n\t\t\t\tdata-image-slug=\"img_0572\"\n\t\t\t\tclass='use_imagebrowser_effect' data-imagebrowser-url='https:\/\/christianstrasse.de\/8nhd0g15eq\/index.php\/nggallery\/image\/%STUB%?page_id=1498'>\n\t\t\t\t<img\n\t\t\t\t\ttitle=\"img_0572\"\n\t\t\t\t\talt=\"img_0572\"\n\t\t\t\t\tsrc=\"https:\/\/christianstrasse.de\/8nhd0g15eq\/wp-content\/gallery\/kohlrouladen\/thumbs\/thumbs_img_0572.jpg\"\n\t\t\t\t\twidth=\"110\"\n\t\t\t\t\theight=\"82\"\n\t\t\t\t\tstyle=\"max-width:100%;\"\n\t\t\t\t\/>\n\t\t\t<\/a>\n\t\t<\/div>\n\t\t\t\t\t\t\t<\/div> \n\t\t\t\n\t\t\t\t<div id=\"ngg-image-3\" class=\"ngg-gallery-thumbnail-box \n\t\t\t\t\t\t\t\t\t\t\t\" \n\t\t\t>\n\t\t\t\t\t\t<div class=\"ngg-gallery-thumbnail\">\n\t\t\t<a href=\"https:\/\/christianstrasse.de\/8nhd0g15eq\/wp-content\/gallery\/kohlrouladen\/img_0573.jpg\"\n\t\t\t\ttitle=\"\"\n\t\t\t\tdata-src=\"https:\/\/christianstrasse.de\/8nhd0g15eq\/wp-content\/gallery\/kohlrouladen\/img_0573.jpg\"\n\t\t\t\tdata-thumbnail=\"https:\/\/christianstrasse.de\/8nhd0g15eq\/wp-content\/gallery\/kohlrouladen\/thumbs\/thumbs_img_0573.jpg\"\n\t\t\t\tdata-image-id=\"924\"\n\t\t\t\tdata-title=\"img_0573\"\n\t\t\t\tdata-description=\"\"\n\t\t\t\tdata-image-slug=\"img_0573\"\n\t\t\t\tclass='use_imagebrowser_effect' data-imagebrowser-url='https:\/\/christianstrasse.de\/8nhd0g15eq\/index.php\/nggallery\/image\/%STUB%?page_id=1498'>\n\t\t\t\t<img\n\t\t\t\t\ttitle=\"img_0573\"\n\t\t\t\t\talt=\"img_0573\"\n\t\t\t\t\tsrc=\"https:\/\/christianstrasse.de\/8nhd0g15eq\/wp-content\/gallery\/kohlrouladen\/thumbs\/thumbs_img_0573.jpg\"\n\t\t\t\t\twidth=\"110\"\n\t\t\t\t\theight=\"82\"\n\t\t\t\t\tstyle=\"max-width:100%;\"\n\t\t\t\t\/>\n\t\t\t<\/a>\n\t\t<\/div>\n\t\t\t\t\t\t\t<\/div> \n\t\t\t\n\t\t\t\t<div id=\"ngg-image-4\" class=\"ngg-gallery-thumbnail-box \n\t\t\t\t\t\t\t\t\t\t\t\" \n\t\t\t>\n\t\t\t\t\t\t<div class=\"ngg-gallery-thumbnail\">\n\t\t\t<a href=\"https:\/\/christianstrasse.de\/8nhd0g15eq\/wp-content\/gallery\/kohlrouladen\/img_0574.jpg\"\n\t\t\t\ttitle=\"\"\n\t\t\t\tdata-src=\"https:\/\/christianstrasse.de\/8nhd0g15eq\/wp-content\/gallery\/kohlrouladen\/img_0574.jpg\"\n\t\t\t\tdata-thumbnail=\"https:\/\/christianstrasse.de\/8nhd0g15eq\/wp-content\/gallery\/kohlrouladen\/thumbs\/thumbs_img_0574.jpg\"\n\t\t\t\tdata-image-id=\"925\"\n\t\t\t\tdata-title=\"img_0574\"\n\t\t\t\tdata-description=\"\"\n\t\t\t\tdata-image-slug=\"img_0574\"\n\t\t\t\tclass='use_imagebrowser_effect' data-imagebrowser-url='https:\/\/christianstrasse.de\/8nhd0g15eq\/index.php\/nggallery\/image\/%STUB%?page_id=1498'>\n\t\t\t\t<img\n\t\t\t\t\ttitle=\"img_0574\"\n\t\t\t\t\talt=\"img_0574\"\n\t\t\t\t\tsrc=\"https:\/\/christianstrasse.de\/8nhd0g15eq\/wp-content\/gallery\/kohlrouladen\/thumbs\/thumbs_img_0574.jpg\"\n\t\t\t\t\twidth=\"110\"\n\t\t\t\t\theight=\"82\"\n\t\t\t\t\tstyle=\"max-width:100%;\"\n\t\t\t\t\/>\n\t\t\t<\/a>\n\t\t<\/div>\n\t\t\t\t\t\t\t<\/div> \n\t\t\t\n\t\t\t\t<div id=\"ngg-image-5\" class=\"ngg-gallery-thumbnail-box \n\t\t\t\t\t\t\t\t\t\t\t\" \n\t\t\t>\n\t\t\t\t\t\t<div class=\"ngg-gallery-thumbnail\">\n\t\t\t<a href=\"https:\/\/christianstrasse.de\/8nhd0g15eq\/wp-content\/gallery\/kohlrouladen\/img_0575.jpg\"\n\t\t\t\ttitle=\"\"\n\t\t\t\tdata-src=\"https:\/\/christianstrasse.de\/8nhd0g15eq\/wp-content\/gallery\/kohlrouladen\/img_0575.jpg\"\n\t\t\t\tdata-thumbnail=\"https:\/\/christianstrasse.de\/8nhd0g15eq\/wp-content\/gallery\/kohlrouladen\/thumbs\/thumbs_img_0575.jpg\"\n\t\t\t\tdata-image-id=\"926\"\n\t\t\t\tdata-title=\"img_0575\"\n\t\t\t\tdata-description=\"\"\n\t\t\t\tdata-image-slug=\"img_0575\"\n\t\t\t\tclass='use_imagebrowser_effect' data-imagebrowser-url='https:\/\/christianstrasse.de\/8nhd0g15eq\/index.php\/nggallery\/image\/%STUB%?page_id=1498'>\n\t\t\t\t<img\n\t\t\t\t\ttitle=\"img_0575\"\n\t\t\t\t\talt=\"img_0575\"\n\t\t\t\t\tsrc=\"https:\/\/christianstrasse.de\/8nhd0g15eq\/wp-content\/gallery\/kohlrouladen\/thumbs\/thumbs_img_0575.jpg\"\n\t\t\t\t\twidth=\"110\"\n\t\t\t\t\theight=\"82\"\n\t\t\t\t\tstyle=\"max-width:100%;\"\n\t\t\t\t\/>\n\t\t\t<\/a>\n\t\t<\/div>\n\t\t\t\t\t\t\t<\/div> \n\t\t\t\n\t\n\t<br style=\"clear: both\" \/>\n\n\t\n\t\t<!-- Pagination -->\n\t\t<div class='ngg-clear'><\/div>\t<\/div>\n\n<p>&nbsp;<\/p>\n<p>Der Kohlkopf wird zun\u00e4chst von den \u00e4u\u00dferen 2-3 Bl\u00e4ttern befreit. Der Strunk wird flach abgeschnitten und eine solide Bratengabel hineingesteckt. Zur Unterst\u00fctzung halte ich den Kohl beim Eintauchen und Herausnehmen mit einer Schaumkelle, denn nichts ist lustiger, als wenn der kochendhei\u00dfe Kohl von der Gabel rutscht und auf dem Boden herumkullert.<\/p>\n<p>Ich blanchiere den ganzen Kohl, nachdem ich\u00a0 jeweils 3 Bl\u00e4tter mit einem scharfen Messer vom Strunk getrennt habe. Im simmernden Wasser heble ich einen L\u00f6ffel zwischen das zu l\u00f6sende Blatt und den Strunk. Das zwischen die Bl\u00e4tter eintretende Wasser reicht aus, um das Blatt vollst\u00e4ndig und unbesch\u00e4digt vom Rest zu l\u00f6sen. Die abgel\u00f6sten Bl\u00e4tter verbleiben noch f\u00fcr ein bis 2 Minuten im Topf, damit sie etwas von ihrer Sperrigkeit verlieren und werden anschlie\u00dfend in m\u00f6glichst kaltem Wasser abgeschreckt.<\/p>\n<p>Der Strunk wird erneut flach abgeschnitten und die Prozedur solange wiederholt, bis die erforderliche Anzahl Bl\u00e4tter bereit liegen.<\/p>\n<p>Ist die erforderliche Anzahl Bl\u00e4tter auf diese Weise abgel\u00f6st, wird der verbleibende Kohrlkopf ebenfalls in kaltem Wasser abgeschreckt, damit nicht allzuviele weitere Bl\u00e4tter angaren.<\/p>\n<p>Um die Bl\u00e4tter besser wickeln zu k\u00f6nnen, schneide ich die MIttelrippe flach. Hierzu lege ich eine Suppenkelle mit der W\u00f6lbung nach oben auf das Schneidebrett und darauf den Teil des Blattes , der die harte Mittelrippe tr\u00e4gt. Nun kann ich das Blatt problemlos auf die Kelle dr\u00fccken und die Rippe parallel zur W\u00f6lbung flach abschneiden. Die Bl\u00e4tter werden dann mit der W\u00f6lbung nach oben abgelegt, damit noch vorhandenes Wasser ablaufen kann.<\/p>\n<p>Anschle\u00dfend bereite ich die Hackfleischmasse nach <a title=\"Hackfleisch zum Braten und als F\u00fclle\" href=\"http:\/\/christianstrasse.de\/8nhd0g15eq\/?page_id=828\">Grundrezept<\/a> zu. Pro Roulade werden ca. 100g ben\u00f6tigt. Der Backofen wird jetzt auf 180\u00b0C (Ober-\/Unterhitze) vorgeheitzt<\/p>\n<p>F\u00fcr eine Roulade nehme ich jeweils das kleinste und das gr\u00f6\u00dfte vorhandene Blatt. Das kleinere Blatt lege ich mit dem Blattansatz nach hinten auf die Arbeitsplatte und lege die Hackfleischmasse in Form eines Zylinders in die Mitte des Blattes. Ich schlage die Seiten des Blattes nach oben ein und rolle es in Richtung Blattansatz fest auf.<\/p>\n<p>Nun nehme ich das zweite, gr\u00f6\u00dfere Blatt, lege es wie das erste auf die Arbeitsplatte, die vorgerollte Roulade in Wickelrichtung mit dem Blattansatz nach unten darauf und schlage die Seiten wie bim ersten Blatt nach oben ein. Dann rolle ich das Ganze auf und stecke das Ende mit einem oder 2 Rouladenspie\u00dfen fest.<\/p>\n<p>Das Schmorgeschirr sollte eine Gr\u00f6\u00dfe haben, in der die Rouladen nett beieinander ohne gr\u00f6\u00dfere Abst\u00e4nde liegen k\u00f6nnen und es braucht nicht unbedingt einen Deckel, sofern nach dem Anbraten gen\u00fcgend Br\u00fche angegossen wird.<\/p>\n<p>Ich zerlasse etwas Butter oder Butterschmalz im Schmorgeschirr bei moderater Hitze und brate die Rouladen unter mehrmaligem Wenden etwa 10 min an, Anschlie\u00dfend gebe ich so viel Gem\u00fcsebr\u00fche hinzu, dass die Rouladen zu einem Drittel darin liegen und schmore alles ca. 2 Std. im Ofen. Jede halbe Stunde wende ich die Rouladen. Falls zu viel Br\u00fche verkocht, gie\u00dfe ich etwas nach.<\/p>\n<p>Wenn die Rouladen gar sind, nehme ich sie aus dem Topf auf eine Platte und stelle sie im abgeschalteten Ofen warm.<\/p>\n<p>Nun koche ich den Bratsud mit eventuell noch etwas Br\u00fche los und entfette ihn. Dies ist meistens notwendig, weil aus der F\u00fclle einiges an Fett austritt. Der entfettete Sud wird mit etwas Speisest\u00e4rke gebunden, abgeschmeckt und \u00fcber die Rouladen gegossen. Dazu gibt es Kartoffelp\u00fcree und eventuell ein Pils.<\/p>\n<p><a title=\"Fleisch\" href=\"http:\/\/christianstrasse.de\/8nhd0g15eq\/?page_id=199\">zur\u00fcck<\/a><\/p>\n","protected":false},"excerpt":{"rendered":"<p>Eines der wenigen Kantinengerichte, die durch langes Warmhalten nicht leiden, sondern an sich besser werden. Man sehe von den Beilagen wie zerkochten Kartoffeln und einer scheu\u00dflichen Instantsauce einmal ab. Ich bevorzuge Rouladen mit Wei\u00dfkohlbl\u00e4ttern anstatt mit Wirsing und zwar jeweils zwei Bl\u00e4ttern pro Krautwickel, von denen das \u00e4u\u00dfere den unvergleichlichen leichten Karamelgeschmack liefert, w\u00e4hrend es [&hellip;]<\/p>\n","protected":false},"author":606,"featured_media":0,"parent":199,"menu_order":0,"comment_status":"open","ping_status":"closed","template":"","meta":{"ngg_post_thumbnail":0,"footnotes":""},"class_list":["post-1498","page","type-page","status-publish","hentry"],"_links":{"self":[{"href":"https:\/\/christianstrasse.de\/8nhd0g15eq\/index.php?rest_route=\/wp\/v2\/pages\/1498","targetHints":{"allow":["GET"]}}],"collection":[{"href":"https:\/\/christianstrasse.de\/8nhd0g15eq\/index.php?rest_route=\/wp\/v2\/pages"}],"about":[{"href":"https:\/\/christianstrasse.de\/8nhd0g15eq\/index.php?rest_route=\/wp\/v2\/types\/page"}],"author":[{"embeddable":true,"href":"https:\/\/christianstrasse.de\/8nhd0g15eq\/index.php?rest_route=\/wp\/v2\/users\/606"}],"replies":[{"embeddable":true,"href":"https:\/\/christianstrasse.de\/8nhd0g15eq\/index.php?rest_route=%2Fwp%2Fv2%2Fcomments&post=1498"}],"version-history":[{"count":0,"href":"https:\/\/christianstrasse.de\/8nhd0g15eq\/index.php?rest_route=\/wp\/v2\/pages\/1498\/revisions"}],"up":[{"embeddable":true,"href":"https:\/\/christianstrasse.de\/8nhd0g15eq\/index.php?rest_route=\/wp\/v2\/pages\/199"}],"wp:attachment":[{"href":"https:\/\/christianstrasse.de\/8nhd0g15eq\/index.php?rest_route=%2Fwp%2Fv2%2Fmedia&parent=1498"}],"curies":[{"name":"wp","href":"https:\/\/api.w.org\/{rel}","templated":true}]}}